{"id":1275,"date":"2023-09-07T08:53:06","date_gmt":"2023-09-07T08:53:06","guid":{"rendered":"https:\/\/tongkholaptop.vn\/sanpham\/hp-elitebook-8470p-i7-4gb-250gb\/"},"modified":"2023-09-07T10:40:35","modified_gmt":"2023-09-07T10:40:35","slug":"hp-elitebook-8470p-i7-4gb-250gb","status":"publish","type":"product","link":"https:\/\/tongkholaptop.vn\/?product=hp-elitebook-8470p-i7-4gb-250gb","title":{"rendered":"HP Elitebook 8470P\/I7\/4GB\/250GB"},"content":{"rendered":"<\/p>\n<div id=\"protab0\" class=\"pro-tabcontent\">\n\t\t\t\t\t\t\t\t<span><\/span><\/p>\n<p><strong>\u0110\u00c1NH GI\u00c1 LAPTOP HP ELITEBOOK 8470P<\/strong><br \/>N\u1ebfu b\u1ea1n l\u00e0 ng\u01b0\u1eddi \u201cs\u00ednh\u201d c\u00f4ng ngh\u1ec7 l\u1ea1i \u0111\u1ed3ng th\u1eddi mong mu\u1ed1n nh\u1eefng s\u1ea3n ph\u1ea9m \u201cc\u1ed1i \u0111\u00e1\u201d, EliteBook 8470p h\u1eb3n l\u00e0 m\u1ed9t chi\u1ebfc laptop m\u00e0 b\u1ea1n kh\u00f4ng th\u1ec3 kh\u00f4ng \u201cngh\u00eda\u201d qua.V\u1edbi m\u1ed9t s\u1ed1 ng\u01b0\u1eddi, nh\u1ea5t l\u00e0 c\u00e1c doanh nh\u00e2n, ki\u1ec3u d\u00e1ng th\u01b0\u1eddng kh\u00f4ng quan tr\u1ecdng b\u1eb1ng \u201cch\u1ea5t\u201d c\u1ee7a s\u1ea3n ph\u1ea9m. EliteBooks l\u00e0 m\u1ed9t d\u00f2ng PC nh\u1eafm \u0111\u1ebfn lo\u1ea1i \u0111\u1ed1i t\u01b0\u1ee3ng n\u00e0y: ch\u1ea5t l\u01b0\u1ee3ng v\u00e0 \u0111\u1ed9 b\u1ec1n thu\u1ed9c h\u00e0ng \u0111\u1ea7u c\u00e1c d\u00f2ng laptop hi\u1ec7n nay. V\u1edbi EliteBook 8470p, b\u1ea1n c\u00f3 \u0111\u01b0\u1ee3c c\u1ea3 \u0111\u1ed9 b\u1ec1n c\u1ee7a EliteBook l\u1eabn s\u1ee9c m\u1ea1nh c\u1ee7a n\u1ec1n t\u1ea3ng Ivy Bridge t\u1eeb ph\u00eda Intel.<br \/><strong>V\u1ebb ngo\u00e0i:<\/strong><br \/>Th\u1ef1c t\u1ebf EliteBook 8470p d\u1ef1a tr\u00ean thi\u1ebft k\u1ebf c\u0169 c\u1ee7a 8460p. \u0110i\u1ec1u n\u00e0y kh\u00f4ng c\u00f3 g\u00ec \u0111\u1eb7c bi\u1ec7t, v\u00ec chi\u1ebfc laptop m\u1edbi ch\u1ec9 thay \u0111\u1ed5i con chip x\u1eed l\u00fd b\u00ean trong, c\u00f2n v\u1ebb ngo\u00e0i kh\u00f4ng \u1ea3nh h\u01b0\u1edfng \u0111\u1ebfn hi\u1ec7u n\u0103ng chip. Ngo\u00e0i ra thi\u1ebft k\u1ebf c\u1ee7a EliteBook th\u01b0\u1eddng \u0111\u00e3 \u0111\u1ea1t \u0111\u1ebfn \u0111\u1ed9 t\u1ed1i \u01b0u tuy\u1ec7t \u0111\u1ed1i, n\u00ean kh\u00f4ng vi\u1ec7c g\u00ec ph\u1ea3i thay \u0111\u1ed5i ki\u1ec3u d\u00e1ng n\u1ebfu n\u00f3 kh\u00f4ng \u0111em l\u1ea1i l\u1ee3i \u00edch.<br \/><strong>B\u00e0n ph\u00edm:<\/strong><br \/>B\u00e0n ph\u00edm c\u1ee7a EliteBook 8470p gi\u1ed1ng v\u1edbi c\u00e1c model EliteBook xx60 kh\u00e1c: kh\u00e1 t\u1ed1t, h\u1ec7 th\u1ed1ng \u201cflex\u201d ph\u00edm khi g\u00f5 ho\u00e0n to\u00e0n kh\u00f4ng t\u1ed3n t\u1ea1i, b\u1ea5t k\u1ec3 b\u1ea1n \u1ea5n m\u1ea1nh bao nhi\u00eau. Ch\u1ec9 c\u00f3 hai \u0111i\u1ec3m d\u1edf \u1edf \u0111\u00e2y l\u00e0:<\/p>\n<ul>\n<li>Ph\u00edm m\u0169i t\u00ean l\u00ean \/ xu\u1ed1ng qu\u00e1 nh\u1ecf, g\u00e2y c\u1ea3m gi\u00e1c \u201cthi\u1ebfu an t\u00e2m\u201d khi b\u1ea5m.<\/li>\n<li>Kh\u00f4ng c\u00f3 \u0111\u00e8n n\u1ec1n (backlit) b\u00ean d\u01b0\u1edbi gi\u00fap nh\u00ecn r\u00f5 trong m\u00f4i tr\u01b0\u1eddng t\u1ed1i.<\/li>\n<\/ul>\n<p>Touchpad c\u1ee7a EliteBook 8470p th\u1eeba h\u01b0\u1edfng l\u1ea1i \u201cgene\u201d c\u1ee7a EliteBook: r\u1ea5t m\u01b0\u1ee3t m\u00e0 v\u00e0 \u0111em l\u1ea1i c\u1ea3m gi\u00e1c \u201csang\u201d khi s\u1eed d\u1ee5ng. B\u1ea1n s\u1ebd kh\u00f4ng th\u1ea5y ch\u00fat c\u1ecd x\u00e1t n\u00e0o \u1edf \u0111\u00e2y. K\u00edch th\u01b0\u1edbc touchpad v\u1eeba \u0111\u1ee7, kh\u00f4ng g\u00e2y c\u1ea3m gi\u00e1c \u201ct\u00f9 t\u00fang\u201d khi d\u00f9ng. Ngo\u00e0i ra c\u00e1c model EliteBook c\u00f2n c\u00f3 m\u1ed9t n\u00fat di con tr\u1ecf \u1edf gi\u1eefa b\u00e0n ph\u00edm, t\u01b0\u01a1ng t\u1ef1 phong c\u00e1ch d\u00f2ng m\u00e1y ThinkPad c\u1ee7a Lenovo (x\u01b0a l\u00e0 IBM). M\u1ed9t s\u1ed1 ng\u01b0\u1eddi th\u1eadm ch\u00ed th\u00edch d\u00f9ng c\u00e1i \u201cn\u00fam\u201d nho nh\u1ecf n\u00e0y h\u01a1n c\u1ea3 d\u00f9ng touchpad.<br \/><strong>Kh\u1ed1i l\u01b0\u1ee3ng:<\/strong><br \/>\u0110a ph\u1ea7n c\u00e1c model \u201cc\u1ed1i \u0111\u00e1\u201d \u0111\u1ec1u kh\u00e1 n\u1eb7ng. Khi g\u1eafn k\u00e8m pin 6-cell, EliteBook 8470p n\u1eb7ng g\u1ea7n 2,5 kg. V\u1edbi v\u1ecf ngo\u00e0i l\u00e0m b\u1eb1ng h\u1ee3p kim magnesium, \u0111\u1eebng tr\u00f4ng mong chuy\u1ec7n nh\u1eb9 nh\u00e0ng \u1edf \u0111\u00e2y. V\u00e0 b\u1ea1n ph\u1ea3i ch\u1ea5p nh\u1eadn \u0111i\u1ec1u n\u00e0y khi ng\u1eafm \u0111\u1ebfn EliteBook.<br \/><strong>M\u00e0n h\u00ecnh<\/strong><br \/>EliteBook 8470p c\u00f3 m\u00e0n h\u00ecnh LCD 14-inch b\u1eb1ng LED, v\u1edbi \u0111\u1ed9 ph\u00e2n gi\u1ea3i 1366 \u00d7 768. C\u00f3 l\u1ebd con s\u1ed1 n\u00e0y s\u1ebd l\u00e0m nhi\u1ec1u ng\u01b0\u1eddi (nh\u01b0 t\u00f4i) kh\u00f4ng h\u00e0i l\u00f2ng, \u0111\u1eb7c bi\u1ec7t cho nhu c\u1ea7u c\u00f4ng vi\u1ec7c. Hy v\u1ecdng HP s\u1ebd c\u00f3 tu\u1ef3 ch\u1ecdn thay \u0111\u1ed5i \u0111\u1ed9 ph\u00e2n gi\u1ea3i \u0111\u1ec3 \u0111\u00e1p \u1ee9ng nhu c\u1ea7u c\u1ee7a \u0111\u1ed1i t\u01b0\u1ee3ng kh\u00e1ch h\u00e0ng n\u00e0y. Mang \u201cd\u00f2ng m\u00e1u\u201d EliteBook, h\u1eb3n nhi\u00ean m\u1eb7t tr\u01b0\u1edbc chi\u1ebfc laptop n\u00e0y s\u1ebd kh\u00f4ng b\u1ecb \u201cl\u00fan\u201d khi c\u00f3 ngo\u1ea1i l\u1ef1c \u0111\u00e8 l\u00ean. V\u1ed1n n\u00f3 sinh ra \u0111\u1ec3 \u201cch\u1ecbu \u0111\u00f2n\u201d m\u00e0!<br \/>V\u1ec1 \u0111\u1ed9 s\u00e1ng, EliteBook 8470p s\u00e1ng h\u01a1n model 2560p ra m\u1eaft tr\u01b0\u1edbc \u0111\u00e2y. G\u00f3c nh\u00ecn d\u01b0\u1eddng nh\u01b0 c\u0169ng r\u1ed9ng h\u01a1n. Ch\u1ea5t l\u01b0\u1ee3ng m\u00e0n kh\u00e1 t\u1ed1t, kh\u00f4ng c\u00f3 hi\u1ec7n t\u01b0\u1ee3ng qu\u00e1 s\u00e1ng ho\u1eb7c qu\u00e1 t\u1ed1i. M\u00e0n c\u1ee7a EliteBook kh\u00f4ng ph\u1ea3i d\u1ea1ng g\u01b0\u01a1ng, n\u00ean c\u00e1c doanh nh\u00e2n s\u1ebd c\u1ea3m th\u1ea5y tho\u1ea3i m\u00e1i khi l\u00e0m vi\u1ec7c trong m\u00f4i tr\u01b0\u1eddng c\u00f3 nhi\u1ec1u \u00e1nh s\u00e1ng (ph\u1ea3n chi\u1ebfu l\u1ea1i g\u00e2y ch\u00f3i m\u1eaft).<br \/><strong>M\u1eb7t d\u01b0\u1edbi<\/strong><br \/>N\u1eafp ngo\u00e0i b\u00ean d\u01b0\u1edbi EliteBook 8470p kh\u00f4ng c\u1ea7u k\u1ef3, ph\u1ee9c t\u1ea1p. B\u1ea1n c\u00f3 th\u1ec3 d\u1ec5 d\u00e0ng th\u00e1o n\u00f3 ra \u0111\u1ec3 thay \u0111\u1ed5i, n\u00e2ng c\u1ea5p linh ki\u1ec7n: RAM, HDD \/ SSD, ODD (\u1ed5 quang).<br \/><strong>\u200bTh\u1eddi l\u01b0\u1ee3ng pin<\/strong><br \/>EliteBook 8470p d\u00f9ng l\u1ea1i h\u1ea7u nh\u01b0 to\u00e0n b\u1ed9 thi\u1ebft k\u1ebf c\u1ee7a 8460p, ngay c\u1ea3 c\u1ee5c pin 6-cell CC06 c\u00f3 dung l\u01b0\u1ee3ng 5100 mAh. Khi b\u1ecb \u201ch\u00e0nh h\u1ea1\u201d b\u1eb1ng c\u00f4ng c\u1ee5 benchmark Battery Eater Pro, EliteBook 8470p \u201ctr\u1ee5\u201d \u0111\u01b0\u1ee3c 2 gi\u1edd 8 ph\u00fat. Khi chuy\u1ec3n sang test Reader (wi-fi t\u1eaft, m\u00e0n h\u00ecnh t\u1ed1i, c\u00e1c ch\u1ebf \u0111\u1ed9 ti\u1ebft ki\u1ec7m pin \u0111\u01b0\u1ee3c b\u1eadt), s\u1ea3n ph\u1ea9m n\u00e0y d\u00f9ng \u0111\u01b0\u1ee3c t\u1edbi 9 gi\u1edd. Trong th\u1ef1c t\u1ebf b\u1ea1n c\u00f3 th\u1ec3 hy v\u1ecdng th\u1eddi l\u01b0\u1ee3ng d\u00f9ng t\u1eeb 4 \u2013 5 gi\u1edd.<br \/><strong>\u00c2m thanh<\/strong><br \/>Loa ngo\u00e0i EliteBook 8470p r\u1ea5t \u201cph\u1ed5 th\u00f4ng\u201d: kh\u00f4ng c\u00f3 \u201cBeats Audio\u201d g\u00ec \u1edf \u0111\u00e2y, c\u00e1c t\u00ednh n\u0103ng d\u00f9ng cho d\u00f2ng m\u00e1y gi\u1ea3i tr\u00ed ho\u00e0n to\u00e0n b\u1ecb l\u01b0\u1ee3c b\u1ecf. Hi\u1ec3u theo c\u00e1ch n\u00e0o \u0111\u1ea5y, loa ngo\u00e0i EliteBook thu\u1ed9c d\u1ea1ng \u201cch\u1ed1ng \u0111i\u1ebfc\u201d.<br \/>\u200b<strong>Nhi\u1ec7t \u0111\u1ed9<\/strong><br \/>\u0110\u01b0\u1ee3c thi\u1ebft k\u1ebf \u0111\u1ec3 l\u00e0m vi\u1ec7c c\u01b0\u1eddng \u0111\u1ed9 cao, kh\u1ea3 n\u0103ng gi\u1ea3i nhi\u1ec7t c\u1ee7a EliteBook 8470p r\u1ea5t t\u1ed1t. B\u1ea1n h\u1ea7u nh\u01b0 kh\u00f4ng th\u1ea5y n\u00f3ng ho\u1eb7c th\u1eadm ch\u00ed l\u00e0 \u1ea5m khi s\u1eed d\u1ee5ng. Ch\u1ec9 tr\u1eeb \u1edf c\u00e1c benchmark \u201ckh\u1eafc nghi\u1ec7t\u201d, b\u1ea1n m\u1edbi th\u1ea5y h\u01a1i \u1ea5m ph\u00e1t ra t\u1eeb khe tho\u00e1t nhi\u1ec7t \u1edf b\u00ean ph\u1ea3i th\u00e2n m\u00e1y. Ti\u1ebfng \u1ed3n c\u1ee7a qu\u1ea1t t\u1ea3n nhi\u1ec7t c\u0169ng r\u1ea5t nh\u1ecf, g\u1ea7n nh\u01b0 kh\u00f4ng nghe th\u1ea5y k\u1ec3 c\u1ea3 khi fullload. C\u00f3 v\u1ebb chip Ivy Bridge c\u1ee7a Intel ch\u1ea1y r\u1ea5t m\u00e1t n\u00ean t\u1ea3n nhi\u1ec7t kh\u00f4ng c\u1ea7n ch\u1ea1y nhi\u1ec1u.<br \/><strong>C\u00e1c c\u1ed5ng k\u1ebft n\u1ed1i<\/strong><br \/>C\u00f3 2 c\u1ed5ng USB 3.0 \u1edf b\u00ean tr\u00e1i th\u00e2n m\u00e1y, \u0111\u01b0\u1ee3c k\u00e8m theo logo SuperSpeed \u201cSS\u201d (\u0111\u1eebng nh\u1ea7m v\u1edbi bi\u1ec3u t\u01b0\u1ee3ng Gestapo nh\u00e9!). N\u1eb1m ngay b\u00ean d\u01b0\u1edbi 2 c\u1ed5ng n\u00e0y l\u00e0 khe \u0111\u1ecdc th\u1ebb \u0111a n\u0103ng SD, MMC\u2026 C\u1ed5ng FireWire v\u00e0 s\u1ea1c \u0111i\u1ec7n c\u0169ng n\u1eb1m \u1edf b\u00ean n\u00e0y.<br \/>\u200bPh\u00eda b\u00ean ph\u1ea3i, ch\u00fang ta c\u00f3 c\u00e1c c\u1ed5ng c\u1eafm headphone, mic, eSATA, USB 2.0 v\u00e0 DisplayPort. C\u00f2n \u0111\u1eb1ng sau l\u00e0 c\u1ed5ng RJ-11 d\u00f9ng cho \u0111i\u1ec7n tho\u1ea1i c\u00f3 d\u00e2y v\u00e0 RJ-45 cho m\u1ea1ng Ethernet, gi\u1eefa ch\u00fang l\u00e0 c\u1ed5ng D-Sub (VGA).<br \/><strong>T\u1ea1m k\u1ebft<\/strong><br \/>V\u1ec1 kh\u00eda c\u1ea1nh laptop, EliteBook 8470p th\u1ef1c s\u1ef1 khi\u1ebfn ng\u01b0\u1eddi d\u00f9ng c\u1ea3m th\u1ea5y tho\u1ea3i m\u00e1i nh\u01b0 bao model EliteBook kh\u00e1c. B\u1ea1n c\u00f3 \u0111\u01b0\u1ee3c m\u1ed9t b\u00e0n ph\u00edm g\u1ea7n nh\u01b0 ho\u00e0n h\u1ea3o, v\u1ecf ngo\u00e0i kim lo\u1ea1i ch\u1eafc ch\u1eafn. D\u0129 nhi\u00ean lo\u1ea1i tr\u1eeb chi ti\u1ebft loa \u201cc\u00f9i\u201d v\u00e0 ch\u00fat \u201cti\u1ebfc nu\u1ed1i\u201d v\u00ec b\u00e0n ph\u00edm kh\u00f4ng c\u00f3 \u0111\u00e8n n\u1ec1n. Nh\u01b0ng nh\u00ecn chung, EliteBook 8470p mang \u0111\u1ea7y \u0111\u1ee7 ph\u1ea9m ch\u1ea5t c\u1ee7a m\u1ed9t chi\u1ebfc EliteBook: c\u1ee9ng c\u00e1p, m\u1ea1nh m\u1ebd.<br \/>V\u1ec1 kh\u00eda c\u1ea1nh hi\u1ec7u n\u0103ng, v\u1edbi con chip 4 nh\u00e2n 8 lu\u1ed3ng \u0111\u01b0\u1ee3c x\u00e2y d\u1ef1ng tr\u00ean ti\u1ebfn tr\u00ecnh 22nm m\u1edbi nh\u1ea5t c\u1ee7a Intel, t\u1ed1c \u0111\u1ed9 x\u1eed l\u00fd ch\u01b0a bao gi\u1edd nhanh \u0111\u1ebfn th\u1ebf v\u1edbi laptop. \u0110\u01b0\u1ee3c tr\u1ee3 l\u1ef1c b\u1edfi \u1ed5 HDD , m\u1ecdi th\u1ee9 ch\u1ea1y tr\u00ean EliteBook 8470p ch\u1ec9 c\u00f3 th\u1ec3 n\u00f3i l\u00e0 NHANH! B\u1ea1n s\u1ebd th\u1ea5y h\u00e0i l\u00f2ng v\u1edbi s\u1ea3n ph\u1ea9m n\u00e0y.<br \/>Y\u1ebfu t\u1ed1 \u201cv\u1ea5n v\u01b0\u01a1ng\u201d c\u00f2n l\u1ea1i l\u00e0 gi\u00e1 th\u00e0nh. Song b\u1ea1n c\u0169ng t\u1ef1 m\u01b0\u1eddng t\u01b0\u1ee3ng \u0111\u01b0\u1ee3c, s\u1ea3n ph\u1ea9m cao c\u1ea5p cho doanh nh\u00e2n th\u01b0\u1eddng kh\u00f4ng bao gi\u1edd r\u1ebb ho\u1eb7c \u201cb\u00ecnh d\u00e2n\u201d\u2026<\/p>\n<\/p>\n<\/div>\n","protected":false},"excerpt":{"rendered":"<div class=\"pro-short-desc\">\n<ul>\n<li><strong>CPU<\/strong>: b\u1ed9 vi x\u1eed l\u00fd intel core i7 \u2013 3720QM<\/li>\n<li><strong>Ram<\/strong>: 04 GB DDRam 3.<\/li>\n<li><strong>HDD<\/strong>\u00a0: Sata 250GB c\u01a1 ch\u1ea1y \u00eam, kh\u00f4ng bad.<\/li>\n<li><strong>\u1ed4 \u0111\u0129a<\/strong>: DVD Multi Record.<\/li>\n<li><strong>VGA<\/strong>: intel HD 4000 Graphics.<\/li>\n<li><strong>M\u00e0n h\u00ecnh:\u00a0<\/strong>14 inch Leb Backlit ch\u1ed1ng ch\u00f3i, d\u00f9ng l\u00e2u kh\u00f4ng b\u1ecb m\u1ecfi m\u1eaft.\n<p>T\u1eb7ng Full Combo b\u1ed9 qu\u00e0 Balo, Chu\u1ed9t kh\u00f4ng d\u00e2y, b\u00e0n di chu\u1ed9t&#8230; Cam k\u1ebft gi\u00e1 r\u1ebb v\u00f4 \u0111\u1ecbch<\/p>\n<p><span>B\u1ea3o H\u00e0nh: 1 \u0111\u1ed5i 1 trong v\u00f2ng 12 th\u00e1ng<\/span><\/p>\n<\/li>\n<\/ul>\n<\/div>\n","protected":false},"featured_media":1276,"comment_status":"open","ping_status":"closed","template":"","meta":[],"thuong-hieu":[],"product_cat":[25,28],"product_tag":[],"class_list":{"0":"post-1275","1":"product","2":"type-product","3":"status-publish","4":"has-post-thumbnail","6":"product_cat-laptop-hp","7":"product_cat-laptop-hp-cu-core-i7","9":"first","10":"instock","11":"sale","12":"taxable","13":"shipping-taxable","14":"purchasable","15":"product-type-simple"},"acf":[],"yoast_head":"<!-- This site is optimized with the Yoast SEO plugin v23.4 - https:\/\/yoast.com\/wordpress\/plugins\/seo\/ -->\n<title>HP Elitebook 8470P\/I7\/4GB\/250GB - T\u1ed5ng Kho Laptop<\/title>\n<meta name=\"robots\" content=\"index, follow, max-snippet:-1, max-image-preview:large, max-video-preview:-1\" \/>\n<link rel=\"canonical\" href=\"https:\/\/tongkholaptop.vn\/?product=hp-elitebook-8470p-i7-4gb-250gb\" \/>\n<meta property=\"og:locale\" content=\"vi_VN\" \/>\n<meta property=\"og:type\" content=\"article\" \/>\n<meta property=\"og:title\" content=\"HP Elitebook 8470P\/I7\/4GB\/250GB - T\u1ed5ng Kho Laptop\" \/>\n<meta property=\"og:description\" content=\"CPU: b\u1ed9 vi x\u1eed l\u00fd intel core i7 \u2013 3720QMRam: 04 GB DDRam 3.HDD\u00a0: Sata 250GB c\u01a1 ch\u1ea1y \u00eam, kh\u00f4ng bad.\u1ed4 \u0111\u0129a: DVD Multi Record.VGA: intel HD 4000 Graphics.M\u00e0n h\u00ecnh:\u00a014 inch Leb Backlit ch\u1ed1ng ch\u00f3i, d\u00f9ng l\u00e2u kh\u00f4ng b\u1ecb m\u1ecfi m\u1eaft.T\u1eb7ng Full Combo b\u1ed9 qu\u00e0 Balo, Chu\u1ed9t kh\u00f4ng d\u00e2y, b\u00e0n di chu\u1ed9t... Cam k\u1ebft gi\u00e1 r\u1ebb v\u00f4 \u0111\u1ecbchB\u1ea3o H\u00e0nh: 1 \u0111\u1ed5i 1 trong v\u00f2ng 12 th\u00e1ng\" \/>\n<meta property=\"og:url\" content=\"https:\/\/tongkholaptop.vn\/?product=hp-elitebook-8470p-i7-4gb-250gb\" \/>\n<meta property=\"og:site_name\" content=\"T\u1ed5ng Kho Laptop\" \/>\n<meta property=\"article:modified_time\" content=\"2023-09-07T10:40:35+00:00\" \/>\n<meta property=\"og:image\" content=\"https:\/\/tongkholaptop.vn\/wp-content\/uploads\/2023\/09\/3_d6a63ba05360415eab7572f8aeae78e7_master.jpg\" \/>\n\t<meta property=\"og:image:width\" content=\"720\" \/>\n\t<meta property=\"og:image:height\" content=\"720\" \/>\n\t<meta property=\"og:image:type\" content=\"image\/jpeg\" \/>\n<meta name=\"twitter:card\" content=\"summary_large_image\" \/>\n<meta name=\"twitter:label1\" content=\"\u01af\u1edbc t\u00ednh th\u1eddi gian \u0111\u1ecdc\" \/>\n\t<meta name=\"twitter:data1\" content=\"8 ph\u00fat\" \/>\n<script type=\"application\/ld+json\" class=\"yoast-schema-graph\">{\"@context\":\"https:\/\/schema.org\",\"@graph\":[{\"@type\":\"WebPage\",\"@id\":\"https:\/\/tongkholaptop.vn\/?product=hp-elitebook-8470p-i7-4gb-250gb\",\"url\":\"https:\/\/tongkholaptop.vn\/?product=hp-elitebook-8470p-i7-4gb-250gb\",\"name\":\"HP Elitebook 8470P\/I7\/4GB\/250GB - T\u1ed5ng Kho Laptop\",\"isPartOf\":{\"@id\":\"https:\/\/tongkholaptop.vn\/#website\"},\"primaryImageOfPage\":{\"@id\":\"https:\/\/tongkholaptop.vn\/?product=hp-elitebook-8470p-i7-4gb-250gb#primaryimage\"},\"image\":{\"@id\":\"https:\/\/tongkholaptop.vn\/?product=hp-elitebook-8470p-i7-4gb-250gb#primaryimage\"},\"thumbnailUrl\":\"https:\/\/tongkholaptop.vn\/wp-content\/uploads\/2023\/09\/3_d6a63ba05360415eab7572f8aeae78e7_master.jpg\",\"datePublished\":\"2023-09-07T08:53:06+00:00\",\"dateModified\":\"2023-09-07T10:40:35+00:00\",\"breadcrumb\":{\"@id\":\"https:\/\/tongkholaptop.vn\/?product=hp-elitebook-8470p-i7-4gb-250gb#breadcrumb\"},\"inLanguage\":\"vi\",\"potentialAction\":[{\"@type\":\"ReadAction\",\"target\":[\"https:\/\/tongkholaptop.vn\/?product=hp-elitebook-8470p-i7-4gb-250gb\"]}]},{\"@type\":\"ImageObject\",\"inLanguage\":\"vi\",\"@id\":\"https:\/\/tongkholaptop.vn\/?product=hp-elitebook-8470p-i7-4gb-250gb#primaryimage\",\"url\":\"https:\/\/tongkholaptop.vn\/wp-content\/uploads\/2023\/09\/3_d6a63ba05360415eab7572f8aeae78e7_master.jpg\",\"contentUrl\":\"https:\/\/tongkholaptop.vn\/wp-content\/uploads\/2023\/09\/3_d6a63ba05360415eab7572f8aeae78e7_master.jpg\",\"width\":720,\"height\":720,\"caption\":\"HP Elitebook 8470P\/I7\/4GB\/250GB\"},{\"@type\":\"BreadcrumbList\",\"@id\":\"https:\/\/tongkholaptop.vn\/?product=hp-elitebook-8470p-i7-4gb-250gb#breadcrumb\",\"itemListElement\":[{\"@type\":\"ListItem\",\"position\":1,\"name\":\"Trang ch\u1ee7\",\"item\":\"https:\/\/tongkholaptop.vn\/\"},{\"@type\":\"ListItem\",\"position\":2,\"name\":\"T\u1ea5t c\u1ea3 s\u1ea3n ph\u1ea9m\",\"item\":\"https:\/\/tongkholaptop.vn\/collections\/all\"},{\"@type\":\"ListItem\",\"position\":3,\"name\":\"HP Elitebook 8470P\/I7\/4GB\/250GB\"}]},{\"@type\":\"WebSite\",\"@id\":\"https:\/\/tongkholaptop.vn\/#website\",\"url\":\"https:\/\/tongkholaptop.vn\/\",\"name\":\"T\u1ed5ng Kho Laptop\",\"description\":\"\",\"potentialAction\":[{\"@type\":\"SearchAction\",\"target\":{\"@type\":\"EntryPoint\",\"urlTemplate\":\"https:\/\/tongkholaptop.vn\/?s={search_term_string}\"},\"query-input\":{\"@type\":\"PropertyValueSpecification\",\"valueRequired\":true,\"valueName\":\"search_term_string\"}}],\"inLanguage\":\"vi\"}]}<\/script>\n<!-- \/ Yoast SEO plugin. -->","yoast_head_json":{"title":"HP Elitebook 8470P\/I7\/4GB\/250GB - T\u1ed5ng Kho Laptop","robots":{"index":"index","follow":"follow","max-snippet":"max-snippet:-1","max-image-preview":"max-image-preview:large","max-video-preview":"max-video-preview:-1"},"canonical":"https:\/\/tongkholaptop.vn\/?product=hp-elitebook-8470p-i7-4gb-250gb","og_locale":"vi_VN","og_type":"article","og_title":"HP Elitebook 8470P\/I7\/4GB\/250GB - T\u1ed5ng Kho Laptop","og_description":"CPU: b\u1ed9 vi x\u1eed l\u00fd intel core i7 \u2013 3720QMRam: 04 GB DDRam 3.HDD\u00a0: Sata 250GB c\u01a1 ch\u1ea1y \u00eam, kh\u00f4ng bad.\u1ed4 \u0111\u0129a: DVD Multi Record.VGA: intel HD 4000 Graphics.M\u00e0n h\u00ecnh:\u00a014 inch Leb Backlit ch\u1ed1ng ch\u00f3i, d\u00f9ng l\u00e2u kh\u00f4ng b\u1ecb m\u1ecfi m\u1eaft.T\u1eb7ng Full Combo b\u1ed9 qu\u00e0 Balo, Chu\u1ed9t kh\u00f4ng d\u00e2y, b\u00e0n di chu\u1ed9t... Cam k\u1ebft gi\u00e1 r\u1ebb v\u00f4 \u0111\u1ecbchB\u1ea3o H\u00e0nh: 1 \u0111\u1ed5i 1 trong v\u00f2ng 12 th\u00e1ng","og_url":"https:\/\/tongkholaptop.vn\/?product=hp-elitebook-8470p-i7-4gb-250gb","og_site_name":"T\u1ed5ng Kho Laptop","article_modified_time":"2023-09-07T10:40:35+00:00","og_image":[{"width":720,"height":720,"url":"https:\/\/tongkholaptop.vn\/wp-content\/uploads\/2023\/09\/3_d6a63ba05360415eab7572f8aeae78e7_master.jpg","type":"image\/jpeg"}],"twitter_card":"summary_large_image","twitter_misc":{"\u01af\u1edbc t\u00ednh th\u1eddi gian \u0111\u1ecdc":"8 ph\u00fat"},"schema":{"@context":"https:\/\/schema.org","@graph":[{"@type":"WebPage","@id":"https:\/\/tongkholaptop.vn\/?product=hp-elitebook-8470p-i7-4gb-250gb","url":"https:\/\/tongkholaptop.vn\/?product=hp-elitebook-8470p-i7-4gb-250gb","name":"HP Elitebook 8470P\/I7\/4GB\/250GB - T\u1ed5ng Kho Laptop","isPartOf":{"@id":"https:\/\/tongkholaptop.vn\/#website"},"primaryImageOfPage":{"@id":"https:\/\/tongkholaptop.vn\/?product=hp-elitebook-8470p-i7-4gb-250gb#primaryimage"},"image":{"@id":"https:\/\/tongkholaptop.vn\/?product=hp-elitebook-8470p-i7-4gb-250gb#primaryimage"},"thumbnailUrl":"https:\/\/tongkholaptop.vn\/wp-content\/uploads\/2023\/09\/3_d6a63ba05360415eab7572f8aeae78e7_master.jpg","datePublished":"2023-09-07T08:53:06+00:00","dateModified":"2023-09-07T10:40:35+00:00","breadcrumb":{"@id":"https:\/\/tongkholaptop.vn\/?product=hp-elitebook-8470p-i7-4gb-250gb#breadcrumb"},"inLanguage":"vi","potentialAction":[{"@type":"ReadAction","target":["https:\/\/tongkholaptop.vn\/?product=hp-elitebook-8470p-i7-4gb-250gb"]}]},{"@type":"ImageObject","inLanguage":"vi","@id":"https:\/\/tongkholaptop.vn\/?product=hp-elitebook-8470p-i7-4gb-250gb#primaryimage","url":"https:\/\/tongkholaptop.vn\/wp-content\/uploads\/2023\/09\/3_d6a63ba05360415eab7572f8aeae78e7_master.jpg","contentUrl":"https:\/\/tongkholaptop.vn\/wp-content\/uploads\/2023\/09\/3_d6a63ba05360415eab7572f8aeae78e7_master.jpg","width":720,"height":720,"caption":"HP Elitebook 8470P\/I7\/4GB\/250GB"},{"@type":"BreadcrumbList","@id":"https:\/\/tongkholaptop.vn\/?product=hp-elitebook-8470p-i7-4gb-250gb#breadcrumb","itemListElement":[{"@type":"ListItem","position":1,"name":"Trang ch\u1ee7","item":"https:\/\/tongkholaptop.vn\/"},{"@type":"ListItem","position":2,"name":"T\u1ea5t c\u1ea3 s\u1ea3n ph\u1ea9m","item":"https:\/\/tongkholaptop.vn\/collections\/all"},{"@type":"ListItem","position":3,"name":"HP Elitebook 8470P\/I7\/4GB\/250GB"}]},{"@type":"WebSite","@id":"https:\/\/tongkholaptop.vn\/#website","url":"https:\/\/tongkholaptop.vn\/","name":"T\u1ed5ng Kho Laptop","description":"","potentialAction":[{"@type":"SearchAction","target":{"@type":"EntryPoint","urlTemplate":"https:\/\/tongkholaptop.vn\/?s={search_term_string}"},"query-input":{"@type":"PropertyValueSpecification","valueRequired":true,"valueName":"search_term_string"}}],"inLanguage":"vi"}]}},"_links":{"self":[{"href":"https:\/\/tongkholaptop.vn\/index.php?rest_route=\/wp\/v2\/product\/1275"}],"collection":[{"href":"https:\/\/tongkholaptop.vn\/index.php?rest_route=\/wp\/v2\/product"}],"about":[{"href":"https:\/\/tongkholaptop.vn\/index.php?rest_route=\/wp\/v2\/types\/product"}],"replies":[{"embeddable":true,"href":"https:\/\/tongkholaptop.vn\/index.php?rest_route=%2Fwp%2Fv2%2Fcomments&post=1275"}],"wp:featuredmedia":[{"embeddable":true,"href":"https:\/\/tongkholaptop.vn\/index.php?rest_route=\/wp\/v2\/media\/1276"}],"wp:attachment":[{"href":"https:\/\/tongkholaptop.vn\/index.php?rest_route=%2Fwp%2Fv2%2Fmedia&parent=1275"}],"wp:term":[{"taxonomy":"thuong-hieu","embeddable":true,"href":"https:\/\/tongkholaptop.vn\/index.php?rest_route=%2Fwp%2Fv2%2Fthuong-hieu&post=1275"},{"taxonomy":"product_cat","embeddable":true,"href":"https:\/\/tongkholaptop.vn\/index.php?rest_route=%2Fwp%2Fv2%2Fproduct_cat&post=1275"},{"taxonomy":"product_tag","embeddable":true,"href":"https:\/\/tongkholaptop.vn\/index.php?rest_route=%2Fwp%2Fv2%2Fproduct_tag&post=1275"}],"curies":[{"name":"wp","href":"https:\/\/api.w.org\/{rel}","templated":true}]}}