{"id":1194,"date":"2023-09-07T08:05:10","date_gmt":"2023-09-07T08:05:10","guid":{"rendered":"https:\/\/tongkholaptop.vn\/sanpham\/laptop-hp-elitebook-820-g3-cu-core-i5-6300u-may-tinh-xach-tay-moi-99-gia-sieu-re\/"},"modified":"2023-09-07T10:39:04","modified_gmt":"2023-09-07T10:39:04","slug":"laptop-hp-elitebook-820-g3-cu-core-i5-6300u-may-tinh-xach-tay-moi-99-gia-sieu-re","status":"publish","type":"product","link":"https:\/\/tongkholaptop.vn\/?product=laptop-hp-elitebook-820-g3-cu-core-i5-6300u-may-tinh-xach-tay-moi-99-gia-sieu-re","title":{"rendered":"Laptop HP Elitebook 820 G3 c\u0169 Core i5 6300U | M\u00e1y t\u00ednh x\u00e1ch tay m\u1edbi 99% gi\u00e1 si\u00eau r\u1ebb"},"content":{"rendered":"<\/p>\n<div id=\"protab0\" class=\"pro-tabcontent\">\n<p><strong>HP Elitebook 820 G3 \u2013 Tr\u1ee3 th\u1ee7 \u0111\u1eafc l\u1ef1c cho d\u00e2n v\u0103n ph\u00f2ng<\/strong><\/p>\n<p>HP Elitebook 820 G3\u00a0l\u00e0 m\u1ed9t trong nh\u1eefng m\u1eabu ultrabook ch\u1ea1y Windows t\u1ed1t nh\u1ea5t hi\u1ec7n nay c\u1ee7a HP. M\u00e1y s\u1edf h\u1eefu trong m\u00ecnh thi\u1ebft k\u1ebf kh\u00e1 m\u1ecfng v\u00e0 cao c\u1ea5p nh\u01b0ng c\u0169ng r\u1ea5t c\u1ee9ng c\u00e1p, b\u1ec1n b\u1ec9, c\u1ea5u h\u00ecnh \u0111\u1ee7 t\u1ed1t \u0111\u1ec3 gi\u1ea3i quy\u1ebft h\u1ea7u h\u1ebft m\u1ecdi t\u00e1c v\u1ee5 c\u00f4ng vi\u1ec7c, gi\u1ea3i tr\u00ed nh\u1eb9 nh\u00e0ng hi\u1ec7n nay.<\/p>\n<p><img decoding=\"async\" src=\"https:\/\/tongkholaptop.vn\/wp-content\/uploads\/2023\/09\/820-6_f0e2d6937c8b4820ac92d0c43fc98f53_grande.jpg\" style=\"display: block; margin-left: auto; margin-right: auto;\" title=\"820-6_f0e2d6937c8b4820ac92d0c43fc98f53_grande\" srcset=\"https:\/\/tongkholaptop.vn\/wp-content\/uploads\/2023\/09\/820-6_f0e2d6937c8b4820ac92d0c43fc98f53_grande-300x200.jpg 300w, https:\/\/tongkholaptop.vn\/wp-content\/uploads\/2023\/09\/820-6_f0e2d6937c8b4820ac92d0c43fc98f53_grande.jpg 600w\"><\/p>\n<p><strong>Thi\u1ebft k\u1ebf si\u00eau m\u1ecfng\u00a0<\/strong><\/p>\n<p>\u0110\u00e2y \u0111\u00e3 l\u00e0 phi\u00ean b\u1ea3n th\u1ee9 3 trong d\u00f2ng Elitebook 820 v\u00e0 HP ti\u1ebfp t\u1ee5c gi\u1eef nguy\u00ean t\u00ean g\u1ecdi n\u00e0y v\u00e0 th\u00eam k\u00ed hi\u1ec7u G3 \u1edf \u0111\u1eb1ng sau. Ki\u1ec3u d\u00e1ng t\u1ed5ng th\u1ec3 c\u1ee7a Elitebook 820 G3 s\u1edf h\u1eefu m\u1ed9t thi\u1ebft k\u1ebf si\u00eau m\u1ecfng nh\u1eb9 khi ch\u1ec9 d\u00e0y 18,9 mm v\u00e0 tr\u1ecdng l\u01b0\u1ee3ng ch\u1ec9 1,3 kg.<\/p>\n<p><img decoding=\"async\" src=\"https:\/\/tongkholaptop.vn\/wp-content\/uploads\/2023\/09\/820-2_2808a15311f94f73811e720445a5f9df_grande.jpg\" style=\"display: block; margin-left: auto; margin-right: auto;\" title=\"820-2_2808a15311f94f73811e720445a5f9df_grande\" srcset=\"https:\/\/tongkholaptop.vn\/wp-content\/uploads\/2023\/09\/820-2_2808a15311f94f73811e720445a5f9df_grande-300x300.jpg 300w, https:\/\/tongkholaptop.vn\/wp-content\/uploads\/2023\/09\/820-2_2808a15311f94f73811e720445a5f9df_grande-150x150.jpg 150w, https:\/\/tongkholaptop.vn\/wp-content\/uploads\/2023\/09\/820-2_2808a15311f94f73811e720445a5f9df_grande-100x100.jpg 100w, https:\/\/tongkholaptop.vn\/wp-content\/uploads\/2023\/09\/820-2_2808a15311f94f73811e720445a5f9df_grande.jpg 600w\"><\/p>\n<p>M\u1eb7t l\u01b0ng c\u1ee7a Elitebook 820 G3 \u0111\u01b0\u1ee3c c\u1ea5u t\u1ea1o t\u1eeb h\u1ee3p kim magie m\u00e0u tr\u1eafng b\u1ea1c c\u00f9ng kh\u1ea3 n\u0103ng ch\u1ed1ng x\u01b0\u1edbc n\u00ean tr\u00f4ng m\u00e1y kh\u00e1 sang tr\u1ecdng v\u00e0 cao c\u1ea5p. B\u00ean c\u1ea1nh \u0111\u00f3, d\u00f9 kh\u00e1 m\u1ecfng v\u00e0 nh\u1eb9 nh\u01b0ng khi c\u1ea7m tr\u00ean tay m\u00e1y cho c\u1ea3m gi\u00e1c c\u1ee9ng c\u00e1p v\u00e0 b\u1ec1n b\u1ec9 nh\u1edd \u0111\u1ea1t ti\u00eau chu\u1ea9n c\u1ee7a qu\u00e2n \u0111\u1ed9i M\u1ef9 MIL-STD 810G v\u1edbi kh\u1ea3 n\u0103ng ch\u1ecbu \u0111\u01b0\u1ee3c va \u0111\u1eadp r\u1ea5t t\u1ed1t, \u0111\u1ed3ng th\u1eddi n\u00f3 c\u0169ng ch\u1ecbu \u0111\u01b0\u1ee3c nhi\u1ec7t \u0111\u1ed9 kh\u1eafc nghi\u1ec7t, \u00e1p su\u1ea5t cao, ch\u1ed1ng r\u01a1i, ch\u1ed1ng va \u0111\u1eadp v\u00e0 ch\u1ed1ng \u1ea9m t\u1ed1t h\u01a1n r\u1ea5t nhi\u1ec1u so v\u1edbi nh\u1eefng chi\u1ebfc laptop th\u00f4ng th\u01b0\u1eddng.<\/p>\n<p>\u00a0<\/p>\n<p><strong>K\u1ebft n\u1ed1i hi\u1ec7n \u0111\u1ea1i<\/strong><\/p>\n<p>D\u00f9 ch\u1ec9 d\u00e0y c\u00f3 18,9 mm nh\u01b0ng Elitebook 820 G3 v\u1eabn \u0111\u01b0\u1ee3c HP trang b\u1ecb kh\u00e1 \u0111\u1ea7y \u0111\u1ee7 c\u00e1c c\u1ed5ng k\u1ebft n\u1ed1i th\u00f4ng d\u1ee5ng g\u1ed3m c\u1ed5ng USB 3.0, USB-C, c\u1ed5ng VGA, c\u1ed5ng hi\u1ec3n th\u1ecb, v\u00e0 RJ-45 v\u00e0 kh\u1ea3 n\u0103ng k\u1ebft n\u1ed1i v\u1edbi \u0111\u1ebf dock doanh nghi\u1ec7p gi\u00fap ng\u01b0\u1eddi d\u00f9ng c\u00f3 th\u1ec3 k\u1ebft n\u1ed1i v\u1edbi c\u00e1c thi\u1ebft b\u1ecb \u0111i\u1ec7n t\u1eed b\u00ean ngo\u00e0i m\u1ed9t c\u00e1ch d\u1ec5 d\u00e0ng v\u00e0 nhanh ch\u00f3ng.<\/p>\n<p><img decoding=\"async\" src=\"https:\/\/tongkholaptop.vn\/wp-content\/uploads\/2023\/09\/820-3_c44d0bc5a3754439b16547a65a53a970_grande.jpg\" style=\"display: block; margin-left: auto; margin-right: auto;\" title=\"820-3_c44d0bc5a3754439b16547a65a53a970_grande\" srcset=\"https:\/\/tongkholaptop.vn\/wp-content\/uploads\/2023\/09\/820-3_c44d0bc5a3754439b16547a65a53a970_grande-300x300.jpg 300w, https:\/\/tongkholaptop.vn\/wp-content\/uploads\/2023\/09\/820-3_c44d0bc5a3754439b16547a65a53a970_grande-150x150.jpg 150w, https:\/\/tongkholaptop.vn\/wp-content\/uploads\/2023\/09\/820-3_c44d0bc5a3754439b16547a65a53a970_grande-100x100.jpg 100w, https:\/\/tongkholaptop.vn\/wp-content\/uploads\/2023\/09\/820-3_c44d0bc5a3754439b16547a65a53a970_grande.jpg 600w\"><\/p>\n<p><strong>B\u00e0n ph\u00edm v\u00e0 Touchpad<\/strong><\/p>\n<p>Elitebook 820 G3 \u0111\u01b0\u1ee3c trang b\u1ecb b\u00e0n ph\u00edm c\u00f3 kh\u1ea3 n\u0103ng ch\u1ed1ng tr\u00e0n n\u01b0\u1edbc c\u00f9ng v\u1edbi h\u1ec7 th\u1ed1ng \u0111\u00e8n n\u1ec1n gi\u00fap ng\u01b0\u1eddi d\u00f9ng c\u00f3 th\u1ec3 d\u1ec5 d\u00e0ng s\u1eed d\u1ee5ng b\u00e0n ph\u00edm trong m\u00f4i tr\u01b0\u1eddng thi\u1ebfu s\u00e1ng. B\u00e0n ph\u00edm d\u1ea1ng Chiclet c\u00f3 kho\u1ea3ng c\u00e1ch c\u00e1c ph\u00edm kh\u00e1 h\u1ee3p l\u00fd, b\u1ea5m \u00eam tay v\u00e0 h\u00e0nh tr\u00ecnh ph\u00edm \u0111\u1ee7 s\u00e2u t\u1ea1o cho ng\u01b0\u1eddi d\u00f9ng c\u1ea3m gi\u00e1c tho\u1ea3i m\u00e1i khi nh\u1eadp li\u1ec7u, \u00edt x\u1ea3y ra hi\u1ec7n t\u01b0\u1ee3ng nh\u1ea7m ph\u00edm. Ph\u1ea7n Touchpad \u0111i k\u00e8m c\u00f3 k\u00edch th\u01b0\u1edbc h\u1ee3p l\u00fd, c\u1ea3m \u1ee9ng \u0111a \u0111i\u1ec3m kh\u00e1 nh\u1ea1y v\u1edbi c\u00e1c thao t\u00e1c thu ph\u00f3ng, cu\u1ed9n v\u0103n b\u1ea3n gi\u00fap ng\u01b0\u1eddi d\u00f9ng c\u00f3 \u0111\u01b0\u1ee3c nh\u1eefng tr\u1ea3i nghi\u1ec7m l\u00e0m vi\u1ec7c tho\u1ea3i m\u00e1i nh\u1ea5t.<\/p>\n<p><\/p>\n<p><strong>M\u00e0n h\u00ecnh HD s\u1eafc n\u00e9t<\/strong><\/p>\n<p>M\u00e0n h\u00ecnh \u0111\u1ed9 ph\u00e2n gi\u1ea3i HD 1366 x 768 pixels c\u1ee7a EliteBook 820 G3 \u0111em l\u1ea1i ch\u1ea5t l\u01b0\u1ee3ng h\u00ecnh \u1ea3nh r\u1ea5t tuy\u1ec7t v\u1eddi cho c\u1ea3 c\u00f4ng vi\u1ec7c l\u1eabn trong nhu c\u1ea7u gi\u1ea3i tr\u00ed khi c\u00e1c ch\u1eef c\u00e1i, h\u00ecnh \u1ea3nh \u0111\u01b0\u1ee3c t\u00e1i t\u1ea1o s\u1eafc n\u00e9t, \u0111\u1ed9 chi ti\u1ebft cao tr\u00ean m\u00e0n h\u00ecnh c\u1ee7a m\u00e1y. Ngo\u00e0i ra, m\u00e0n h\u00ecnh c\u1ee7a m\u00e1y c\u00f2n c\u00f3 g\u00f3c nh\u00ecn kh\u00e1 r\u1ed9ng v\u00e0 \u0111\u1ed9 s\u00e1ng cao c\u00f9ng c\u00f4ng ngh\u1ec7 ch\u1ed1ng l\u00f3a n\u00ean ng\u01b0\u1eddi d\u00f9ng c\u00f3 th\u1ec3 tho\u1ea3i m\u00e1i s\u1eed d\u1ee5ng m\u00e1y trong \u0111i\u1ec1u ki\u1ec7n \u00e1nh s\u00e1ng m\u1ea1nh hay ngo\u00e0i tr\u1eddi n\u1eafng.<\/p>\n<p><strong>Hi\u1ec7u n\u0103ng \u1ed5n \u0111\u1ecbnh<\/strong><\/p>\n<p>Phi\u00ean b\u1ea3n Elitebook 820 G3 \u0111ang \u0111\u01b0\u1ee3c \u0111\u00e1nh gi\u00e1 trong b\u00e0i c\u00f3 m\u1ed9t c\u1ea5u h\u00ecnh ph\u1ea7n c\u1ee9ng kh\u00e1 t\u1ed1t khi s\u1edf h\u1eefu b\u1ed9 vi x\u1eed l\u00fd Core i5-6300U, RAM 8GB DDR4 v\u00e0 \u1ed5 c\u1ee9ng SSD dung l\u01b0\u1ee3ng 240GB. Nh\u00ecn chung, kh\u00f4ng c\u00f3 g\u00ec ph\u00e0n n\u00e0n v\u1ec1 hi\u1ec7u n\u0103ng c\u1ee7a Elitebook 820 G3 b\u1edfi c\u1ea5u h\u00ecnh c\u1ee7a m\u00e1y d\u01b0 s\u1ee9c \u0111\u00e1p \u1ee9ng t\u1ed1t nhu c\u1ea7u l\u00e0m vi\u1ec7c h\u1eb1ng ng\u00e0y c\u1ee7a ng\u01b0\u1eddi d\u00f9ng doanh nh\u00e2n c\u0169ng nh\u01b0 nhu c\u1ea7u gi\u1ea3i tr\u00ed \u0111a ph\u01b0\u01a1ng ti\u1ec7n.<\/p>\n<p><span>B\u00ean c\u1ea1nh \u0111\u00f3, v\u1edbi \u0111\u1ed3 h\u1ecda t\u00edch h\u1ee3p Intel HD Graphics 520, HP Elitebook 840 G3 c\u00f3 th\u1ec3 c\u00e2n t\u1ed1t \u0111\u01b0\u1ee3c m\u1ed9t s\u1ed1 t\u1ef1a game online \u0111\u00ecnh \u0111\u00e1m hi\u1ec7n nay nh\u01b0 Dota 2, LOL \u1edf m\u1ee9c \u0111\u1ed3 h\u1ecda trung b\u00ecnh v\u00e0 \u0111\u1ee7 s\u1ee9c \u0111\u1ec3 g\u00e1nh nh\u1eefng t\u00e1c v\u1ee5 \u0111\u1ed3 h\u1ecda nh\u01b0 Photoshop, Lightroom,\u2026<\/span><\/p>\n<p><strong><span><\/span><\/strong>\n\t\t\t\t\t\t\t<\/p>\n<\/div>\n","protected":false},"excerpt":{"rendered":"<div class=\"pro-short-desc\">\n<table class=\"mce-item-table\">\n<tbody>\n<tr>\n<td><strong>CPU:<\/strong><\/td>\n<td><strong>Core i5<\/strong><strong><span>\u00a0<\/span>6300U\u00a0<\/strong><b>2.40GHz \u2013 \u00a0<\/b><b>Max Turbo Frequency 3.0GHz<\/b><\/td>\n<\/tr>\n<\/tbody>\n<\/table>\n<table class=\"mce-item-table\">\n<tbody>\n<tr>\n<td><strong>Ram:<\/strong><\/td>\n<td><strong>8G DDR4\u00a0<\/strong><strong>Bus 2133<\/strong><\/td>\n<\/tr>\n<\/tbody>\n<\/table>\n<table class=\"mce-item-table\">\n<tbody>\n<tr>\n<td><strong>\u1ed4 c\u1ee9ng:<\/strong><\/td>\n<td>ssd 256g<\/td>\n<\/tr>\n<\/tbody>\n<\/table>\n<table class=\"mce-item-table\">\n<tbody>\n<tr>\n<td><strong>M\u00e0n h\u00ecnh:<\/strong><\/td>\n<td>\u0110\u1ed9 ph\u00e2n gi\u1ea3i chu\u1ea9n\u00a0<strong>HD\u00a01366\u00d7768<\/strong><strong>M\u00e0n h\u00ecnh r\u1ed9ng 12.5\u2033<\/strong><\/td>\n<\/tr>\n<\/tbody>\n<\/table>\n<table class=\"mce-item-table\">\n<tbody>\n<tr>\n<td><strong>Tr\u1ecdng l\u01b0\u1ee3ng:<\/strong><\/td>\n<td><strong>\u00a01.33 Kg<\/strong><\/td>\n<\/tr>\n<\/tbody>\n<\/table>\n<table class=\"mce-item-table\">\n<tbody>\n<tr>\n<td><strong>Pin S\u1ea1c:<\/strong><\/td>\n<td>Lithium-Ion,\u00a0<strong>3-cell, su dung tr\u00ean 5 ti\u1ebfng<\/strong><\/td>\n<\/tr>\n<\/tbody>\n<\/table>\n<\/div>\n","protected":false},"featured_media":1195,"comment_status":"open","ping_status":"closed","template":"","meta":[],"thuong-hieu":[],"product_cat":[25,27],"product_tag":[],"class_list":{"0":"post-1194","1":"product","2":"type-product","3":"status-publish","4":"has-post-thumbnail","6":"product_cat-laptop-hp","7":"product_cat-laptop-hp-cu-core-i5","9":"first","10":"instock","11":"sale","12":"taxable","13":"shipping-taxable","14":"purchasable","15":"product-type-simple"},"acf":[],"yoast_head":"<!-- This site is optimized with the Yoast SEO plugin v23.4 - https:\/\/yoast.com\/wordpress\/plugins\/seo\/ -->\n<title>Laptop HP Elitebook 820 G3 c\u0169 Core i5 6300U | M\u00e1y t\u00ednh x\u00e1ch tay m\u1edbi 99% gi\u00e1 si\u00eau r\u1ebb - T\u1ed5ng Kho Laptop<\/title>\n<meta name=\"robots\" content=\"index, follow, max-snippet:-1, max-image-preview:large, max-video-preview:-1\" \/>\n<link rel=\"canonical\" href=\"https:\/\/tongkholaptop.vn\/?product=laptop-hp-elitebook-820-g3-cu-core-i5-6300u-may-tinh-xach-tay-moi-99-gia-sieu-re\" \/>\n<meta property=\"og:locale\" content=\"vi_VN\" \/>\n<meta property=\"og:type\" content=\"article\" \/>\n<meta property=\"og:title\" content=\"Laptop HP Elitebook 820 G3 c\u0169 Core i5 6300U | M\u00e1y t\u00ednh x\u00e1ch tay m\u1edbi 99% gi\u00e1 si\u00eau r\u1ebb - T\u1ed5ng Kho Laptop\" \/>\n<meta property=\"og:description\" content=\"CPU:Core i5\u00a06300U\u00a02.40GHz \u2013 \u00a0Max Turbo Frequency 3.0GHzRam:8G DDR4\u00a0Bus 2133\u1ed4 c\u1ee9ng:ssd 256gM\u00e0n h\u00ecnh:\u0110\u1ed9 ph\u00e2n gi\u1ea3i chu\u1ea9n\u00a0HD\u00a01366\u00d7768M\u00e0n h\u00ecnh r\u1ed9ng 12.5\u2033Tr\u1ecdng l\u01b0\u1ee3ng:\u00a01.33 KgPin S\u1ea1c:Lithium-Ion,\u00a03-cell, su dung tr\u00ean 5 ti\u1ebfng\" \/>\n<meta property=\"og:url\" content=\"https:\/\/tongkholaptop.vn\/?product=laptop-hp-elitebook-820-g3-cu-core-i5-6300u-may-tinh-xach-tay-moi-99-gia-sieu-re\" \/>\n<meta property=\"og:site_name\" content=\"T\u1ed5ng Kho Laptop\" \/>\n<meta property=\"article:modified_time\" content=\"2023-09-07T10:39:04+00:00\" \/>\n<meta property=\"og:image\" content=\"https:\/\/tongkholaptop.vn\/wp-content\/uploads\/2023\/09\/820_g3___1_6eb2aaeb7dbf4071b4d03e005c57ffa0_master.png\" \/>\n\t<meta property=\"og:image:width\" content=\"1080\" \/>\n\t<meta property=\"og:image:height\" content=\"1080\" \/>\n\t<meta property=\"og:image:type\" content=\"image\/png\" \/>\n<meta name=\"twitter:card\" content=\"summary_large_image\" \/>\n<meta name=\"twitter:label1\" content=\"\u01af\u1edbc t\u00ednh th\u1eddi gian \u0111\u1ecdc\" \/>\n\t<meta name=\"twitter:data1\" content=\"5 ph\u00fat\" \/>\n<script type=\"application\/ld+json\" class=\"yoast-schema-graph\">{\"@context\":\"https:\/\/schema.org\",\"@graph\":[{\"@type\":\"WebPage\",\"@id\":\"https:\/\/tongkholaptop.vn\/?product=laptop-hp-elitebook-820-g3-cu-core-i5-6300u-may-tinh-xach-tay-moi-99-gia-sieu-re\",\"url\":\"https:\/\/tongkholaptop.vn\/?product=laptop-hp-elitebook-820-g3-cu-core-i5-6300u-may-tinh-xach-tay-moi-99-gia-sieu-re\",\"name\":\"Laptop HP Elitebook 820 G3 c\u0169 Core i5 6300U | M\u00e1y t\u00ednh x\u00e1ch tay m\u1edbi 99% gi\u00e1 si\u00eau r\u1ebb - T\u1ed5ng Kho Laptop\",\"isPartOf\":{\"@id\":\"https:\/\/tongkholaptop.vn\/#website\"},\"primaryImageOfPage\":{\"@id\":\"https:\/\/tongkholaptop.vn\/?product=laptop-hp-elitebook-820-g3-cu-core-i5-6300u-may-tinh-xach-tay-moi-99-gia-sieu-re#primaryimage\"},\"image\":{\"@id\":\"https:\/\/tongkholaptop.vn\/?product=laptop-hp-elitebook-820-g3-cu-core-i5-6300u-may-tinh-xach-tay-moi-99-gia-sieu-re#primaryimage\"},\"thumbnailUrl\":\"https:\/\/tongkholaptop.vn\/wp-content\/uploads\/2023\/09\/820_g3___1_6eb2aaeb7dbf4071b4d03e005c57ffa0_master.png\",\"datePublished\":\"2023-09-07T08:05:10+00:00\",\"dateModified\":\"2023-09-07T10:39:04+00:00\",\"breadcrumb\":{\"@id\":\"https:\/\/tongkholaptop.vn\/?product=laptop-hp-elitebook-820-g3-cu-core-i5-6300u-may-tinh-xach-tay-moi-99-gia-sieu-re#breadcrumb\"},\"inLanguage\":\"vi\",\"potentialAction\":[{\"@type\":\"ReadAction\",\"target\":[\"https:\/\/tongkholaptop.vn\/?product=laptop-hp-elitebook-820-g3-cu-core-i5-6300u-may-tinh-xach-tay-moi-99-gia-sieu-re\"]}]},{\"@type\":\"ImageObject\",\"inLanguage\":\"vi\",\"@id\":\"https:\/\/tongkholaptop.vn\/?product=laptop-hp-elitebook-820-g3-cu-core-i5-6300u-may-tinh-xach-tay-moi-99-gia-sieu-re#primaryimage\",\"url\":\"https:\/\/tongkholaptop.vn\/wp-content\/uploads\/2023\/09\/820_g3___1_6eb2aaeb7dbf4071b4d03e005c57ffa0_master.png\",\"contentUrl\":\"https:\/\/tongkholaptop.vn\/wp-content\/uploads\/2023\/09\/820_g3___1_6eb2aaeb7dbf4071b4d03e005c57ffa0_master.png\",\"width\":1080,\"height\":1080,\"caption\":\"Laptop HP Elitebook 820 G3 c\u0169 Core i5 6300U | M\u00e1y t\u00ednh x\u00e1ch tay m\u1edbi 99% gi\u00e1 si\u00eau r\u1ebb\"},{\"@type\":\"BreadcrumbList\",\"@id\":\"https:\/\/tongkholaptop.vn\/?product=laptop-hp-elitebook-820-g3-cu-core-i5-6300u-may-tinh-xach-tay-moi-99-gia-sieu-re#breadcrumb\",\"itemListElement\":[{\"@type\":\"ListItem\",\"position\":1,\"name\":\"Trang ch\u1ee7\",\"item\":\"https:\/\/tongkholaptop.vn\/\"},{\"@type\":\"ListItem\",\"position\":2,\"name\":\"T\u1ea5t c\u1ea3 s\u1ea3n ph\u1ea9m\",\"item\":\"https:\/\/tongkholaptop.vn\/collections\/all\"},{\"@type\":\"ListItem\",\"position\":3,\"name\":\"Laptop HP Elitebook 820 G3 c\u0169 Core i5 6300U | M\u00e1y t\u00ednh x\u00e1ch tay m\u1edbi 99% gi\u00e1 si\u00eau r\u1ebb\"}]},{\"@type\":\"WebSite\",\"@id\":\"https:\/\/tongkholaptop.vn\/#website\",\"url\":\"https:\/\/tongkholaptop.vn\/\",\"name\":\"T\u1ed5ng Kho Laptop\",\"description\":\"\",\"potentialAction\":[{\"@type\":\"SearchAction\",\"target\":{\"@type\":\"EntryPoint\",\"urlTemplate\":\"https:\/\/tongkholaptop.vn\/?s={search_term_string}\"},\"query-input\":{\"@type\":\"PropertyValueSpecification\",\"valueRequired\":true,\"valueName\":\"search_term_string\"}}],\"inLanguage\":\"vi\"}]}<\/script>\n<!-- \/ Yoast SEO plugin. -->","yoast_head_json":{"title":"Laptop HP Elitebook 820 G3 c\u0169 Core i5 6300U | M\u00e1y t\u00ednh x\u00e1ch tay m\u1edbi 99% gi\u00e1 si\u00eau r\u1ebb - T\u1ed5ng Kho Laptop","robots":{"index":"index","follow":"follow","max-snippet":"max-snippet:-1","max-image-preview":"max-image-preview:large","max-video-preview":"max-video-preview:-1"},"canonical":"https:\/\/tongkholaptop.vn\/?product=laptop-hp-elitebook-820-g3-cu-core-i5-6300u-may-tinh-xach-tay-moi-99-gia-sieu-re","og_locale":"vi_VN","og_type":"article","og_title":"Laptop HP Elitebook 820 G3 c\u0169 Core i5 6300U | M\u00e1y t\u00ednh x\u00e1ch tay m\u1edbi 99% gi\u00e1 si\u00eau r\u1ebb - T\u1ed5ng Kho Laptop","og_description":"CPU:Core i5\u00a06300U\u00a02.40GHz \u2013 \u00a0Max Turbo Frequency 3.0GHzRam:8G DDR4\u00a0Bus 2133\u1ed4 c\u1ee9ng:ssd 256gM\u00e0n h\u00ecnh:\u0110\u1ed9 ph\u00e2n gi\u1ea3i chu\u1ea9n\u00a0HD\u00a01366\u00d7768M\u00e0n h\u00ecnh r\u1ed9ng 12.5\u2033Tr\u1ecdng l\u01b0\u1ee3ng:\u00a01.33 KgPin S\u1ea1c:Lithium-Ion,\u00a03-cell, su dung tr\u00ean 5 ti\u1ebfng","og_url":"https:\/\/tongkholaptop.vn\/?product=laptop-hp-elitebook-820-g3-cu-core-i5-6300u-may-tinh-xach-tay-moi-99-gia-sieu-re","og_site_name":"T\u1ed5ng Kho Laptop","article_modified_time":"2023-09-07T10:39:04+00:00","og_image":[{"width":1080,"height":1080,"url":"https:\/\/tongkholaptop.vn\/wp-content\/uploads\/2023\/09\/820_g3___1_6eb2aaeb7dbf4071b4d03e005c57ffa0_master.png","type":"image\/png"}],"twitter_card":"summary_large_image","twitter_misc":{"\u01af\u1edbc t\u00ednh th\u1eddi gian \u0111\u1ecdc":"5 ph\u00fat"},"schema":{"@context":"https:\/\/schema.org","@graph":[{"@type":"WebPage","@id":"https:\/\/tongkholaptop.vn\/?product=laptop-hp-elitebook-820-g3-cu-core-i5-6300u-may-tinh-xach-tay-moi-99-gia-sieu-re","url":"https:\/\/tongkholaptop.vn\/?product=laptop-hp-elitebook-820-g3-cu-core-i5-6300u-may-tinh-xach-tay-moi-99-gia-sieu-re","name":"Laptop HP Elitebook 820 G3 c\u0169 Core i5 6300U | M\u00e1y t\u00ednh x\u00e1ch tay m\u1edbi 99% gi\u00e1 si\u00eau r\u1ebb - T\u1ed5ng Kho Laptop","isPartOf":{"@id":"https:\/\/tongkholaptop.vn\/#website"},"primaryImageOfPage":{"@id":"https:\/\/tongkholaptop.vn\/?product=laptop-hp-elitebook-820-g3-cu-core-i5-6300u-may-tinh-xach-tay-moi-99-gia-sieu-re#primaryimage"},"image":{"@id":"https:\/\/tongkholaptop.vn\/?product=laptop-hp-elitebook-820-g3-cu-core-i5-6300u-may-tinh-xach-tay-moi-99-gia-sieu-re#primaryimage"},"thumbnailUrl":"https:\/\/tongkholaptop.vn\/wp-content\/uploads\/2023\/09\/820_g3___1_6eb2aaeb7dbf4071b4d03e005c57ffa0_master.png","datePublished":"2023-09-07T08:05:10+00:00","dateModified":"2023-09-07T10:39:04+00:00","breadcrumb":{"@id":"https:\/\/tongkholaptop.vn\/?product=laptop-hp-elitebook-820-g3-cu-core-i5-6300u-may-tinh-xach-tay-moi-99-gia-sieu-re#breadcrumb"},"inLanguage":"vi","potentialAction":[{"@type":"ReadAction","target":["https:\/\/tongkholaptop.vn\/?product=laptop-hp-elitebook-820-g3-cu-core-i5-6300u-may-tinh-xach-tay-moi-99-gia-sieu-re"]}]},{"@type":"ImageObject","inLanguage":"vi","@id":"https:\/\/tongkholaptop.vn\/?product=laptop-hp-elitebook-820-g3-cu-core-i5-6300u-may-tinh-xach-tay-moi-99-gia-sieu-re#primaryimage","url":"https:\/\/tongkholaptop.vn\/wp-content\/uploads\/2023\/09\/820_g3___1_6eb2aaeb7dbf4071b4d03e005c57ffa0_master.png","contentUrl":"https:\/\/tongkholaptop.vn\/wp-content\/uploads\/2023\/09\/820_g3___1_6eb2aaeb7dbf4071b4d03e005c57ffa0_master.png","width":1080,"height":1080,"caption":"Laptop HP Elitebook 820 G3 c\u0169 Core i5 6300U | M\u00e1y t\u00ednh x\u00e1ch tay m\u1edbi 99% gi\u00e1 si\u00eau r\u1ebb"},{"@type":"BreadcrumbList","@id":"https:\/\/tongkholaptop.vn\/?product=laptop-hp-elitebook-820-g3-cu-core-i5-6300u-may-tinh-xach-tay-moi-99-gia-sieu-re#breadcrumb","itemListElement":[{"@type":"ListItem","position":1,"name":"Trang ch\u1ee7","item":"https:\/\/tongkholaptop.vn\/"},{"@type":"ListItem","position":2,"name":"T\u1ea5t c\u1ea3 s\u1ea3n ph\u1ea9m","item":"https:\/\/tongkholaptop.vn\/collections\/all"},{"@type":"ListItem","position":3,"name":"Laptop HP Elitebook 820 G3 c\u0169 Core i5 6300U | M\u00e1y t\u00ednh x\u00e1ch tay m\u1edbi 99% gi\u00e1 si\u00eau r\u1ebb"}]},{"@type":"WebSite","@id":"https:\/\/tongkholaptop.vn\/#website","url":"https:\/\/tongkholaptop.vn\/","name":"T\u1ed5ng Kho Laptop","description":"","potentialAction":[{"@type":"SearchAction","target":{"@type":"EntryPoint","urlTemplate":"https:\/\/tongkholaptop.vn\/?s={search_term_string}"},"query-input":{"@type":"PropertyValueSpecification","valueRequired":true,"valueName":"search_term_string"}}],"inLanguage":"vi"}]}},"_links":{"self":[{"href":"https:\/\/tongkholaptop.vn\/index.php?rest_route=\/wp\/v2\/product\/1194"}],"collection":[{"href":"https:\/\/tongkholaptop.vn\/index.php?rest_route=\/wp\/v2\/product"}],"about":[{"href":"https:\/\/tongkholaptop.vn\/index.php?rest_route=\/wp\/v2\/types\/product"}],"replies":[{"embeddable":true,"href":"https:\/\/tongkholaptop.vn\/index.php?rest_route=%2Fwp%2Fv2%2Fcomments&post=1194"}],"wp:featuredmedia":[{"embeddable":true,"href":"https:\/\/tongkholaptop.vn\/index.php?rest_route=\/wp\/v2\/media\/1195"}],"wp:attachment":[{"href":"https:\/\/tongkholaptop.vn\/index.php?rest_route=%2Fwp%2Fv2%2Fmedia&parent=1194"}],"wp:term":[{"taxonomy":"thuong-hieu","embeddable":true,"href":"https:\/\/tongkholaptop.vn\/index.php?rest_route=%2Fwp%2Fv2%2Fthuong-hieu&post=1194"},{"taxonomy":"product_cat","embeddable":true,"href":"https:\/\/tongkholaptop.vn\/index.php?rest_route=%2Fwp%2Fv2%2Fproduct_cat&post=1194"},{"taxonomy":"product_tag","embeddable":true,"href":"https:\/\/tongkholaptop.vn\/index.php?rest_route=%2Fwp%2Fv2%2Fproduct_tag&post=1194"}],"curies":[{"name":"wp","href":"https:\/\/api.w.org\/{rel}","templated":true}]}}