{"id":1166,"date":"2023-09-07T08:04:38","date_gmt":"2023-09-07T08:04:38","guid":{"rendered":"https:\/\/tongkholaptop.vn\/sanpham\/laptop-hp-elitebook-820-g1-cu-core-i5-4300u-may-tinh-xach-tay-moi-99-gia-sieu-re\/"},"modified":"2023-09-07T10:39:13","modified_gmt":"2023-09-07T10:39:13","slug":"laptop-hp-elitebook-820-g1-cu-core-i5-4300u-may-tinh-xach-tay-moi-99-gia-sieu-re","status":"publish","type":"product","link":"https:\/\/tongkholaptop.vn\/?product=laptop-hp-elitebook-820-g1-cu-core-i5-4300u-may-tinh-xach-tay-moi-99-gia-sieu-re","title":{"rendered":"Laptop HP EliteBook 820 G1 c\u0169 Core i5 4300U | M\u00e1y t\u00ednh x\u00e1ch tay m\u1edbi 99% gi\u00e1 si\u00eau r\u1ebb"},"content":{"rendered":"<\/p>\n<div id=\"protab0\" class=\"pro-tabcontent\">\n<p style=\"text-align: center;\">\n<p><span style=\"font-size: 26pt;\"><strong>HP Elitebook 820 G1<\/strong><\/span><\/p>\n<p style=\"text-align: left;\"><span style=\"font-size: 12pt;\"><strong>\u0110\u00e1nh gi\u00e1 chi ti\u1ebft\u00a0<\/strong><\/span><\/p>\n<p style=\"text-align: left;\"><span style=\"font-size: 11pt;\"><span>Hp Elitebook \u00a0\u0111\u01b0\u1ee3c s\u1ea3n xu\u1ea5t theo c\u00e1c ti\u00eau chu\u1ea9n c\u1ee7a doanh nh\u00e2n m\u1ef9, \u01b0u ti\u00ean v\u1ec1 s\u1ef1 tho\u1ea3i m\u00e1i, ti\u1ec7n d\u1ee5ng. N\u0103m 2014, HP \u0111\u00e3 n\u00e2ng c\u1ea5p d\u00f2ng m\u00e1y cao c\u1ea5p n\u00e0y l\u00ean chip Haswell, v\u1edbi t\u00ean g\u1ecdi Elitebook 820 G1, v\u1edbi gi\u00e1 kh\u1edfi \u0111i\u1ec3m th\u1ea5p h\u01a1n h\u1eb3n phi\u00ean b\u1ea3n tr\u01b0\u1edbc, v\u1edbi nhi\u1ec1u thay \u0111\u1ed1i t\u1eeb ngo\u1ea1i h\u00ecnh b\u00ean ngo\u00e0i \u0111\u1ebfn ph\u1ea7n c\u1ee9ng b\u00ean trong khi\u1ebfn 820 G1 tr\u1edf th\u00e0nh m\u1eabu laptop doanh nh\u00e2n \u0111\u00e1ng mua nh\u1ea5t t\u1ea1i th\u1eddi \u0111i\u1ec3m ra m\u1eaft. H\u00e3y c\u00f9ng <strong>T\u1ed4NG KHO LAPTOP<\/strong> \u0111i\u1ec3m qua nh\u1eefng \u0111\u1eb7c \u0111i\u1ec3m n\u1ed5i b\u1eadt c\u1ee7a d\u00f2ng s\u1ea3n ph\u1ea9m n\u00e0y nh\u00e9!<\/span><\/span><\/p>\n<p><img loading=\"lazy\" decoding=\"async\" src=\"https:\/\/tongkholaptop.vn\/wp-content\/uploads\/2023\/09\/3cffe3e700c6fd98a4d7_61ae5d174d5445d5897cea0030f8d262_grande.jpg\" width=\"545\" height=\"727\" title=\"3cffe3e700c6fd98a4d7_61ae5d174d5445d5897cea0030f8d262_grande\" srcset=\"https:\/\/tongkholaptop.vn\/wp-content\/uploads\/2023\/09\/3cffe3e700c6fd98a4d7_61ae5d174d5445d5897cea0030f8d262_grande-225x300.jpg 225w, https:\/\/tongkholaptop.vn\/wp-content\/uploads\/2023\/09\/3cffe3e700c6fd98a4d7_61ae5d174d5445d5897cea0030f8d262_grande.jpg 450w\"><\/p>\n<p style=\"text-align: left;\"><span style=\"font-size: 12pt;\"><strong>Thi\u1ebft k\u1ebf\u00a0<br \/><\/strong><\/span><\/p>\n<p style=\"text-align: left;\"><span style=\"font-size: 11pt;\"><\/span><\/p>\n<p><span>HP\u00a0Elitebook 820G1 c\u00f3 ph\u1ea7n v\u1ecf \u0111\u01b0\u1ee3c l\u00e0m t\u1eeb h\u1ee3p kim magie n\u00ean tr\u1ecdng l\u01b0\u1ee3ng c\u1ee7a m\u00e1y tr\u1edf n\u00ean si\u00eau nh\u1eb9, c\u1ed9ng v\u1edbi thi\u1ebft k\u1ebf m\u1ecfng, g\u1ecdn th\u00ec\u00a0c\u00e2n n\u1eb7ng c\u1ee7a n\u00f3\u00a0ch\u1ec9 c\u00f2n 1.33kg, nh\u1eb9 h\u01a1n g\u1ea5p 2 l\u1ea7n Elitebook 2560p, v\u00e0 m\u1ecfng h\u01a1n h\u1eb3n.\u2013 r\u1ea5t ti\u1ec7n l\u1ee3i cho nh\u1eefng ng\u01b0\u1eddi ph\u1ea3i di chuy\u1ec3n nhi\u1ec1u nh\u01b0ng v\u1eabn \u0111\u1ea3m b\u1ea3o \u0111\u01b0\u1ee3c s\u1ef1 ch\u1eafc ch\u1eafn, \u0111\u1ed9\u00a0c\u1ee9ng c\u00e1p c\u1ee7a m\u00e1y tr\u01b0\u1edbc c\u00e1c l\u1ef1c t\u00e1c \u0111\u1ed9ng.<\/span><\/p>\n<p><span>Ph\u1ea7n v\u1ecf m\u00e1y \u0111\u01b0\u1ee3c thi\u1ebft k\u1ebf ph\u1ee7 l\u1edbp nhung \u0111en m\u1ecbn, t\u1ea1o c\u1ea3m gi\u00e1c sang tr\u1ecdng, \u0111\u1eb3ng c\u1ea5p c\u1ee7a m\u1ed9t d\u00f2ng m\u00e1y th\u1eddi trang.\u00a0B\u1ea1n c\u00f3 th\u1ec3 b\u1ecf chi\u1ebfc Laptop n\u00e0y v\u00e0o m\u1ed9t chi\u1ebfc c\u1eb7p c\u00f9ng v\u1edbi t\u00e0i li\u1ec7u c\u1ee7a m\u00ecnh m\u1ed9t c\u00e1ch \u0111\u01a1n gi\u1ea3n.<\/span><\/p>\n<p style=\"text-align: left;\"><span style=\"font-size: 12pt;\"><strong>B\u00e0n ph\u00edm v\u00e0 touchpad<br \/><\/strong><\/span><\/p>\n<p style=\"text-align: left;\"><span style=\"font-size: 11pt;\"><span>HP Elitebooks lu\u00f4n c\u00f3 m\u1ed9t s\u1ef1 thi\u1ebfu h\u1ee5t v\u1ec1 b\u00e0n ph\u00edm, n\u1ebfu so s\u00e1nh v\u1edbi c\u00e1c d\u00f2ng ngang c\u1ea5p nh\u01b0 ThinkPad hay Dell\u00a0Latitude. Khi g\u00f5 ch\u1eef, b\u00e0n ph\u00edm c\u1ee7a HP cho c\u1ea3m gi\u00e1c m\u1ecfng v\u00e0 n\u00f4ng. M\u1eb7c d\u00f9 l\u00e0 phi\u00ean\u00a0b\u1ea3n n\u00e2ng c\u1ea5p, nh\u01b0ng v\u1ec1 m\u1eb7t n\u00e0y HP Elitebook 820 G1v\u1eabn l\u1eb7p l\u1ea1i nh\u01b0\u1ee3c \u0111i\u1ec3m c\u0169.<\/span><\/span><\/p>\n<p><img loading=\"lazy\" decoding=\"async\" src=\"https:\/\/tongkholaptop.vn\/wp-content\/uploads\/2023\/09\/d49b3289d1a82cf675b9_56f2b6594a9d47c98284ac254fdc3d52_grande.jpg\" width=\"536\" height=\"402\" title=\"d49b3289d1a82cf675b9_56f2b6594a9d47c98284ac254fdc3d52_grande\" srcset=\"https:\/\/tongkholaptop.vn\/wp-content\/uploads\/2023\/09\/d49b3289d1a82cf675b9_56f2b6594a9d47c98284ac254fdc3d52_grande-300x225.jpg 300w, https:\/\/tongkholaptop.vn\/wp-content\/uploads\/2023\/09\/d49b3289d1a82cf675b9_56f2b6594a9d47c98284ac254fdc3d52_grande.jpg 600w\"><\/p>\n<p><span>B\u00ean d\u01b0\u1edbi b\u00e0n ph\u00edm c\u00f3 trang b\u1ecb \u0111\u00e8n n\u1ec1n, c\u00f3 hai ch\u1ebf \u0111\u1ed9 ch\u1ec9nh \u0111\u1ed9 s\u00e1ng. Khi s\u1eed d\u1ee5ng, \u0111\u00f4i khi c\u00f3 \u00e1nh s\u00e1ng l\u1ecdt qua khe h\u1edf c\u1ee7a b\u00e0n ph\u00edm \u1edf c\u00e1c ph\u00edm ch\u1eef.<\/span><\/p>\n<p><span>V\u1ec1 ph\u1ea7n touchpad, touchpad kh\u00e1 r\u1ed9ng r\u00e3i v\u1edbi chi\u1ec1u ngang kho\u1ea3ng 7,5cm v\u00e0 chi\u1ec1u d\u1ecdc 4.5 cm. B\u00ean gi\u1eefa b\u00e0n ph\u00edm c\u00f3 m\u1ed9t trackpoint, cho ph\u00e9p chuy\u1ec3n h\u01b0\u1edbng chu\u1ed9t v\u00e0 th\u01b0\u1eddng ng\u01b0\u1eddi d\u00f9ng th\u00edch s\u1eed d\u1ee5ng n\u00fat trackpoint n\u00e0y h\u01a1n so v\u1edbi vi\u1ec7c r\u00ea ng\u00f3n tay tr\u00ean b\u00e0n ph\u00edm.<\/span><\/p>\n<p style=\"text-align: left;\"><span style=\"font-size: 12pt;\"><strong>C\u1ed5ng k\u1ebft n\u1ed1i<br \/><\/strong><\/span><\/p>\n<p style=\"text-align: left;\"><span style=\"font-size: 11pt;\"><\/span><\/p>\n<p><span>HP Elitebook 820 G1 \u0111\u01b0\u1ee3c trang b\u1ecb \u0111\u1ea7y \u0111\u1ee7 c\u00e1c c\u1ed5ng k\u1ebft n\u1ed1i c\u00e0n thi\u1ebft cho ng\u01b0\u1eddi s\u1eed d\u1ee5ng, c\u1ee5 th\u1ec3:<\/span><\/p>\n<p><span>B\u00ean c\u1ea1nh tr\u00e1i l\u00e0 v\u1ecb tr\u00ed c\u1ee7a kh\u00f3a Kensington lock, c\u1ed5ng VGA, c\u1ed5ng USB 3.0, \u0111\u1ea7u \u0111\u1ecdc th\u1ebb th\u00f4ng minh.<\/span><\/p>\n<p><img loading=\"lazy\" decoding=\"async\" src=\"https:\/\/tongkholaptop.vn\/wp-content\/uploads\/2023\/09\/e9ac4892abb356ed0fa2_732e3ecf4e344e48a68bf519a9650bc5_grande.jpg\" width=\"504\" height=\"378\" title=\"e9ac4892abb356ed0fa2_732e3ecf4e344e48a68bf519a9650bc5_grande\" srcset=\"https:\/\/tongkholaptop.vn\/wp-content\/uploads\/2023\/09\/e9ac4892abb356ed0fa2_732e3ecf4e344e48a68bf519a9650bc5_grande-300x225.jpg 300w, https:\/\/tongkholaptop.vn\/wp-content\/uploads\/2023\/09\/e9ac4892abb356ed0fa2_732e3ecf4e344e48a68bf519a9650bc5_grande.jpg 600w\"><\/p>\n<p><span>C\u00f2n c\u1ea1nh\u00a0ph\u1ea3i\u00a0c\u1ee7a m\u00e1y l\u1ea7n l\u01b0\u1ee3t l\u00e0 combo jack tai nghe 3.5, c\u1ed5ng DisplayPort, 2 c\u1ed5ng USB 3.0, c\u1ed5ng m\u1ea1ng LAN, docking m\u1edf r\u1ed9ng, c\u1ed5ng s\u1ea1c.<\/span><\/p>\n<p><img loading=\"lazy\" decoding=\"async\" src=\"https:\/\/tongkholaptop.vn\/wp-content\/uploads\/2023\/09\/2085a4c947e8bab6e3f9_a0e47cd237d94eafa1bc5ed114576c7a_grande.jpg\" width=\"500\" height=\"375\" title=\"2085a4c947e8bab6e3f9_a0e47cd237d94eafa1bc5ed114576c7a_grande\" srcset=\"https:\/\/tongkholaptop.vn\/wp-content\/uploads\/2023\/09\/2085a4c947e8bab6e3f9_a0e47cd237d94eafa1bc5ed114576c7a_grande-300x225.jpg 300w, https:\/\/tongkholaptop.vn\/wp-content\/uploads\/2023\/09\/2085a4c947e8bab6e3f9_a0e47cd237d94eafa1bc5ed114576c7a_grande.jpg 600w\"><\/p>\n<p><span style=\"font-size: 12pt;\"><strong>M\u00e0n h\u00ecnh<\/strong><\/span><\/p>\n<p><span style=\"font-size: 11pt;\"><span>Trong khi c\u00e1c h\u00e3ng laptop kh\u00e1c \u0111ua nhau n\u00e2ng c\u1ea5p m\u00e0n h\u00ecnh cho s\u1ea3n ph\u1ea9m c\u1ee7a m\u00ecnh th\u00ec HP v\u1eabn d\u1eadm ch\u00e2n v\u1edbi m\u00e0n h\u00ecnh \u0111\u1ed9 ph\u00e2n gi\u1ea3i ti\u00eau chu\u1ea9n 1366 x 768. Tuy v\u1eady, m\u00e0n h\u00ecnh ch\u1ec9 12.5 inch v\u1eabn cho h\u00ecnh \u1ea3nh s\u1eafc n\u00e9t, nh\u01b0ng s\u1ebd kh\u00f3 kh\u0103n n\u1ebfu d\u00f9ng \u0111\u1ec3 xem phim HD v\u00ec h\u00ecnh \u1ea3nh s\u1ebd nh\u1ecf \u0111i.<\/span><\/span><\/p>\n<p><span style=\"font-size: 11pt;\"><span>\u0110\u1ed9 s\u00e1ng m\u00e0n h\u00ecnh \u0111o \u0111\u01b0\u1ee3c l\u00e0 200 lux- do s\u1eed d\u1ee5ng m\u00e0n h\u00ecnh nh\u00e1m n\u00ean \u0111\u1ed9 s\u00e1ng b\u1ecb gi\u1ea3m \u0111\u00e1ng k\u1ec3. Tuy nhi\u00ean, m\u00e1y ch\u1ee7 y\u1ebfu d\u00f9ng \u0111\u1ec3 l\u00e0m vi\u1ec7c n\u00ean v\u1edbi m\u00e0n h\u00ecnh lo\u1ea1i n\u00e0y, ng\u01b0\u1eddi d\u00f9ng c\u00f3 th\u1ec3 tho\u1ea3i m\u00e1i s\u1eed d\u1ee5ng m\u00e1y \u1edf n\u01a1i c\u00f3 nhi\u1ec1u \u00e1nh s\u00e1ng nh\u01b0 ngo\u00e0i tr\u1eddi n\u1eafng.<\/span><\/span><\/p>\n<p><img loading=\"lazy\" decoding=\"async\" src=\"https:\/\/tongkholaptop.vn\/wp-content\/uploads\/2023\/09\/8dbf7a8499a564fb3db4_8bdfb44639464973b217543c9c75dde5_grande.jpg\" width=\"540\" height=\"720\" title=\"8dbf7a8499a564fb3db4_8bdfb44639464973b217543c9c75dde5_grande\" srcset=\"https:\/\/tongkholaptop.vn\/wp-content\/uploads\/2023\/09\/8dbf7a8499a564fb3db4_8bdfb44639464973b217543c9c75dde5_grande-225x300.jpg 225w, https:\/\/tongkholaptop.vn\/wp-content\/uploads\/2023\/09\/8dbf7a8499a564fb3db4_8bdfb44639464973b217543c9c75dde5_grande.jpg 450w\"><\/p>\n<p><span style=\"font-size: 12pt;\"><strong>C\u1ea5u h\u00ecnh<br \/><\/strong><\/span><\/p>\n<p><span style=\"font-size: 11pt;\"><\/span><\/p>\n<p><span>HP Elitebook 820 G1\u00a0\u0111\u01b0\u1ee3c trang b\u1ecb b\u1ed9 vi x\u1eed l\u00fd th\u1ebf h\u1ec7 th\u1ee9 4 c\u1ee7a intel. HP Elitebook 820 G1 s\u1ebd x\u1eed l\u00fd m\u01b0\u1ee3t m\u00e0 c\u00e1c t\u00e1c v\u1ee5 v\u0103n ph\u00f2ng, web. HP Elitebook 820 G1 \u0111\u01b0\u1ee3c trang b\u1ecb c\u1ea5u h\u00ecnh c\u01a1 b\u1ea3n Core i5 v\u1edbi 4Gb Ram c\u00f3 th\u1ec3 n\u00e2ng c\u1ea5p t\u1ed1i \u0111a 16Gb. V\u1edbi c\u1ea5u h\u00ecnh nh\u01b0 v\u1eady, HP Elitebook 820 G1 ho\u00e0n to\u00e0n c\u00f3 th\u1ec3 \u0111\u00e1p \u1ee9ng nh\u1eefng nhu c\u1ea7u c\u01a1 b\u1ea3n c\u1ee7a m\u1ed9t ng\u01b0\u1eddi d\u00f9ng b\u00ecnh th\u01b0\u1eddng v\u1edbi \u0111a s\u1ed1 c\u00e1c t\u00e1c v\u1ee5 v\u0103n ph\u00f2ng, l\u01b0\u1edbt web.<\/span><\/p>\n<p><span>HP Elitebook 820 G1 s\u1eed d\u1ee5ng \u0111\u1ed3 h\u1ecda t\u00edch h\u1ee3p Intel HD 4400, ki\u1ec3m tra v\u1edbi 3DMark, \u0111\u1ed3 h\u1ecda t\u00edch h\u1ee3p c\u1ee7a m\u00e1y ghi \u0111\u01b0\u1ee3c 3845 \u0111i\u1ec3m. Ki\u1ec3m tra m\u00e1y v\u1edbi tr\u00f2 ch\u01a1i LOL, m\u00e1y c\u00f3 th\u1ec3 hi\u1ec3n th\u1ecb h\u00ecnh \u1ea3nh \u1edf m\u1ee9c 33-42 FPS, \u0111\u1ee7 \u0111\u1ec3 b\u1ea1n gi\u1ea3i t\u1ecfa c\u0103ng th\u1eb3ng sau nh\u1eefng gi\u1edd h\u1ecdc v\u00e0 l\u00e0m vi\u1ec7c c\u0103ng th\u1eb3ng.<\/span><\/p>\n<p><span style=\"font-size: 12pt;\"><strong>K\u1ebft lu\u1eadn<br \/><\/strong><\/span><\/p>\n<p><span style=\"font-size: 11pt;\">HP Elitebook 820 G1 l\u00e0 d\u00f2ng m\u00e1y doanh nghi\u1ec7p cao c\u1ea5p, l\u00e0 m\u1ed9t l\u1ef1a ch\u1ecdn s\u00e1ng gi\u00e1 cho nhu c\u1ea7u s\u1eed d\u1ee5ng v\u0103n ph\u00f2ng, c\u00e1c t\u00e1c v\u1ee5 web c\u01a1 b\u1ea3n. V\u1edbi thi\u1ebft k\u1ebf m\u1edbi nh\u1eb9 h\u01a1n, m\u1ecfng h\u01a1n v\u00e0 gi\u00e1 th\u00e0nh r\u1ebb h\u01a1n, HP khi\u1ebfn ng\u01b0\u1eddi d\u00f9ng kh\u00f4ng th\u1ec3 ch\u1ed1i t\u1eeb tr\u01b0\u1edbc m\u1eabu m\u00e1y n\u00e0y.\u00a0<\/span><\/p>\n<p>M\u00e1y b\u00e1n c\u00f3 k\u00e8m theo \u0111\u1ea7y \u0111\u1ee7 c\u1eb7p chu\u1ed9t,di chu\u1ed9t v\u00e0 s\u1ea1c zin, b\u1ea3o h\u00e0nh 12 th\u00e1ng 1 \u0111\u1ed5i 1 t\u1ea1i T\u1ed5ng Kho Laptop.<br \/><span><\/span><\/p>\n<p><span>N\u1ebfu b\u1ea1n \u0111ang quan t\u00e2m v\u1ec1 s\u1ea3n ph\u1ea9m ho\u1eb7c c\u1ea7n t\u01b0 v\u1ea5n mua h\u00e0ng, Livechat ngay cho Tongkholaptop \u0111\u1ec3 \u0111\u01b0\u1ee3c h\u1ed7 tr\u1ee3 mi\u1ec5n ph\u00ed nh\u00e9!<\/span><\/p>\n<\/p>\n<\/div>\n","protected":false},"excerpt":{"rendered":"<div class=\"pro-short-desc\">\n<ul>\n<li>B\u1ed9 vi x\u1eed l\u00fd:Intel Core i5-4300U<\/li>\n<li><span>RAM: 4GB<\/span><\/li>\n<li><span>\u1ed4 \u0111\u0129a c\u1ee9ng: SSD 128GB<\/span><\/li>\n<li><span>Card m\u00e0n h\u00ecnh:\u00a0 Intel HD Graphics 4400<\/span><\/li>\n<li><span>M\u00e0n h\u00ecnh:\u00a0 12.5&#8243; HD<\/span><\/li>\n<li><span>Pin: 45Whr<\/span><\/li>\n<li><span>C\u1ed5ng k\u1ebft n\u1ed1i: 3xUSB 3.0; Mini-Display Port; VGA; 3.5mm Audio jack; Card Reader; LAN<\/span><\/li>\n<li><span>K\u00edch th\u01b0\u1edbc :31 x 21.5 x 2.1 cm<\/span><\/li>\n<li><span>Tr\u1ecdng l\u01b0\u1ee3ng: 1.33kg<br \/><\/span>\n<p>T\u1eb7ng Full Combo b\u1ed9 qu\u00e0 Balo, Chu\u1ed9t kh\u00f4ng d\u00e2y, b\u00e0n di chu\u1ed9t&#8230; Cam k\u1ebft gi\u00e1 r\u1ebb v\u00f4 \u0111\u1ecbch<\/li>\n<\/ul>\n<p><span>B\u1ea3o H\u00e0nh: 1 \u0111\u1ed5i 1 trong v\u00f2ng 12 th\u00e1ng<\/span><\/p>\n<\/p>\n<\/div>\n","protected":false},"featured_media":1167,"comment_status":"open","ping_status":"closed","template":"","meta":[],"thuong-hieu":[],"product_cat":[25,27],"product_tag":[],"class_list":{"0":"post-1166","1":"product","2":"type-product","3":"status-publish","4":"has-post-thumbnail","6":"product_cat-laptop-hp","7":"product_cat-laptop-hp-cu-core-i5","9":"first","10":"instock","11":"sale","12":"taxable","13":"shipping-taxable","14":"purchasable","15":"product-type-simple"},"acf":[],"yoast_head":"<!-- This site is optimized with the Yoast SEO plugin v23.4 - https:\/\/yoast.com\/wordpress\/plugins\/seo\/ -->\n<title>Laptop HP EliteBook 820 G1 c\u0169 Core i5 4300U | M\u00e1y t\u00ednh x\u00e1ch tay m\u1edbi 99% gi\u00e1 si\u00eau r\u1ebb - T\u1ed5ng Kho Laptop<\/title>\n<meta name=\"robots\" content=\"index, follow, max-snippet:-1, max-image-preview:large, max-video-preview:-1\" \/>\n<link rel=\"canonical\" href=\"https:\/\/tongkholaptop.vn\/?product=laptop-hp-elitebook-820-g1-cu-core-i5-4300u-may-tinh-xach-tay-moi-99-gia-sieu-re\" \/>\n<meta property=\"og:locale\" content=\"vi_VN\" \/>\n<meta property=\"og:type\" content=\"article\" \/>\n<meta property=\"og:title\" content=\"Laptop HP EliteBook 820 G1 c\u0169 Core i5 4300U | M\u00e1y t\u00ednh x\u00e1ch tay m\u1edbi 99% gi\u00e1 si\u00eau r\u1ebb - T\u1ed5ng Kho Laptop\" \/>\n<meta property=\"og:description\" content=\"B\u1ed9 vi x\u1eed l\u00fd:Intel Core i5-4300URAM: 4GB\u1ed4 \u0111\u0129a c\u1ee9ng: SSD 128GBCard m\u00e0n h\u00ecnh:\u00a0 Intel HD Graphics 4400M\u00e0n h\u00ecnh:\u00a0 12.5&quot; HDPin: 45WhrC\u1ed5ng k\u1ebft n\u1ed1i: 3xUSB 3.0; Mini-Display Port; VGA; 3.5mm Audio jack; Card Reader; LANK\u00edch th\u01b0\u1edbc :31 x 21.5 x 2.1 cmTr\u1ecdng l\u01b0\u1ee3ng: 1.33kgT\u1eb7ng Full Combo b\u1ed9 qu\u00e0 Balo, Chu\u1ed9t kh\u00f4ng d\u00e2y, b\u00e0n di chu\u1ed9t... Cam k\u1ebft gi\u00e1 r\u1ebb v\u00f4 \u0111\u1ecbchB\u1ea3o H\u00e0nh: 1 \u0111\u1ed5i 1 trong v\u00f2ng 12 th\u00e1ng\" \/>\n<meta property=\"og:url\" content=\"https:\/\/tongkholaptop.vn\/?product=laptop-hp-elitebook-820-g1-cu-core-i5-4300u-may-tinh-xach-tay-moi-99-gia-sieu-re\" \/>\n<meta property=\"og:site_name\" content=\"T\u1ed5ng Kho Laptop\" \/>\n<meta property=\"article:modified_time\" content=\"2023-09-07T10:39:13+00:00\" \/>\n<meta property=\"og:image\" content=\"https:\/\/tongkholaptop.vn\/wp-content\/uploads\/2023\/09\/820g1_adf7c9b72e4d483ebd562cfcd0c590fd_master.jpg\" \/>\n\t<meta property=\"og:image:width\" content=\"512\" \/>\n\t<meta property=\"og:image:height\" content=\"512\" \/>\n\t<meta property=\"og:image:type\" content=\"image\/jpeg\" \/>\n<meta name=\"twitter:card\" content=\"summary_large_image\" \/>\n<meta name=\"twitter:label1\" content=\"\u01af\u1edbc t\u00ednh th\u1eddi gian \u0111\u1ecdc\" \/>\n\t<meta name=\"twitter:data1\" content=\"6 ph\u00fat\" \/>\n<script type=\"application\/ld+json\" class=\"yoast-schema-graph\">{\"@context\":\"https:\/\/schema.org\",\"@graph\":[{\"@type\":\"WebPage\",\"@id\":\"https:\/\/tongkholaptop.vn\/?product=laptop-hp-elitebook-820-g1-cu-core-i5-4300u-may-tinh-xach-tay-moi-99-gia-sieu-re\",\"url\":\"https:\/\/tongkholaptop.vn\/?product=laptop-hp-elitebook-820-g1-cu-core-i5-4300u-may-tinh-xach-tay-moi-99-gia-sieu-re\",\"name\":\"Laptop HP EliteBook 820 G1 c\u0169 Core i5 4300U | M\u00e1y t\u00ednh x\u00e1ch tay m\u1edbi 99% gi\u00e1 si\u00eau r\u1ebb - T\u1ed5ng Kho Laptop\",\"isPartOf\":{\"@id\":\"https:\/\/tongkholaptop.vn\/#website\"},\"primaryImageOfPage\":{\"@id\":\"https:\/\/tongkholaptop.vn\/?product=laptop-hp-elitebook-820-g1-cu-core-i5-4300u-may-tinh-xach-tay-moi-99-gia-sieu-re#primaryimage\"},\"image\":{\"@id\":\"https:\/\/tongkholaptop.vn\/?product=laptop-hp-elitebook-820-g1-cu-core-i5-4300u-may-tinh-xach-tay-moi-99-gia-sieu-re#primaryimage\"},\"thumbnailUrl\":\"https:\/\/tongkholaptop.vn\/wp-content\/uploads\/2023\/09\/820g1_adf7c9b72e4d483ebd562cfcd0c590fd_master.jpg\",\"datePublished\":\"2023-09-07T08:04:38+00:00\",\"dateModified\":\"2023-09-07T10:39:13+00:00\",\"breadcrumb\":{\"@id\":\"https:\/\/tongkholaptop.vn\/?product=laptop-hp-elitebook-820-g1-cu-core-i5-4300u-may-tinh-xach-tay-moi-99-gia-sieu-re#breadcrumb\"},\"inLanguage\":\"vi\",\"potentialAction\":[{\"@type\":\"ReadAction\",\"target\":[\"https:\/\/tongkholaptop.vn\/?product=laptop-hp-elitebook-820-g1-cu-core-i5-4300u-may-tinh-xach-tay-moi-99-gia-sieu-re\"]}]},{\"@type\":\"ImageObject\",\"inLanguage\":\"vi\",\"@id\":\"https:\/\/tongkholaptop.vn\/?product=laptop-hp-elitebook-820-g1-cu-core-i5-4300u-may-tinh-xach-tay-moi-99-gia-sieu-re#primaryimage\",\"url\":\"https:\/\/tongkholaptop.vn\/wp-content\/uploads\/2023\/09\/820g1_adf7c9b72e4d483ebd562cfcd0c590fd_master.jpg\",\"contentUrl\":\"https:\/\/tongkholaptop.vn\/wp-content\/uploads\/2023\/09\/820g1_adf7c9b72e4d483ebd562cfcd0c590fd_master.jpg\",\"width\":512,\"height\":512,\"caption\":\"Laptop HP EliteBook 820 G1 c\u0169 Core i5 4300U | M\u00e1y t\u00ednh x\u00e1ch tay m\u1edbi 99% gi\u00e1 si\u00eau r\u1ebb\"},{\"@type\":\"BreadcrumbList\",\"@id\":\"https:\/\/tongkholaptop.vn\/?product=laptop-hp-elitebook-820-g1-cu-core-i5-4300u-may-tinh-xach-tay-moi-99-gia-sieu-re#breadcrumb\",\"itemListElement\":[{\"@type\":\"ListItem\",\"position\":1,\"name\":\"Trang ch\u1ee7\",\"item\":\"https:\/\/tongkholaptop.vn\/\"},{\"@type\":\"ListItem\",\"position\":2,\"name\":\"T\u1ea5t c\u1ea3 s\u1ea3n ph\u1ea9m\",\"item\":\"https:\/\/tongkholaptop.vn\/collections\/all\"},{\"@type\":\"ListItem\",\"position\":3,\"name\":\"Laptop HP EliteBook 820 G1 c\u0169 Core i5 4300U | M\u00e1y t\u00ednh x\u00e1ch tay m\u1edbi 99% gi\u00e1 si\u00eau r\u1ebb\"}]},{\"@type\":\"WebSite\",\"@id\":\"https:\/\/tongkholaptop.vn\/#website\",\"url\":\"https:\/\/tongkholaptop.vn\/\",\"name\":\"T\u1ed5ng Kho Laptop\",\"description\":\"\",\"potentialAction\":[{\"@type\":\"SearchAction\",\"target\":{\"@type\":\"EntryPoint\",\"urlTemplate\":\"https:\/\/tongkholaptop.vn\/?s={search_term_string}\"},\"query-input\":{\"@type\":\"PropertyValueSpecification\",\"valueRequired\":true,\"valueName\":\"search_term_string\"}}],\"inLanguage\":\"vi\"}]}<\/script>\n<!-- \/ Yoast SEO plugin. -->","yoast_head_json":{"title":"Laptop HP EliteBook 820 G1 c\u0169 Core i5 4300U | M\u00e1y t\u00ednh x\u00e1ch tay m\u1edbi 99% gi\u00e1 si\u00eau r\u1ebb - T\u1ed5ng Kho Laptop","robots":{"index":"index","follow":"follow","max-snippet":"max-snippet:-1","max-image-preview":"max-image-preview:large","max-video-preview":"max-video-preview:-1"},"canonical":"https:\/\/tongkholaptop.vn\/?product=laptop-hp-elitebook-820-g1-cu-core-i5-4300u-may-tinh-xach-tay-moi-99-gia-sieu-re","og_locale":"vi_VN","og_type":"article","og_title":"Laptop HP EliteBook 820 G1 c\u0169 Core i5 4300U | M\u00e1y t\u00ednh x\u00e1ch tay m\u1edbi 99% gi\u00e1 si\u00eau r\u1ebb - T\u1ed5ng Kho Laptop","og_description":"B\u1ed9 vi x\u1eed l\u00fd:Intel Core i5-4300URAM: 4GB\u1ed4 \u0111\u0129a c\u1ee9ng: SSD 128GBCard m\u00e0n h\u00ecnh:\u00a0 Intel HD Graphics 4400M\u00e0n h\u00ecnh:\u00a0 12.5\" HDPin: 45WhrC\u1ed5ng k\u1ebft n\u1ed1i: 3xUSB 3.0; Mini-Display Port; VGA; 3.5mm Audio jack; Card Reader; LANK\u00edch th\u01b0\u1edbc :31 x 21.5 x 2.1 cmTr\u1ecdng l\u01b0\u1ee3ng: 1.33kgT\u1eb7ng Full Combo b\u1ed9 qu\u00e0 Balo, Chu\u1ed9t kh\u00f4ng d\u00e2y, b\u00e0n di chu\u1ed9t... Cam k\u1ebft gi\u00e1 r\u1ebb v\u00f4 \u0111\u1ecbchB\u1ea3o H\u00e0nh: 1 \u0111\u1ed5i 1 trong v\u00f2ng 12 th\u00e1ng","og_url":"https:\/\/tongkholaptop.vn\/?product=laptop-hp-elitebook-820-g1-cu-core-i5-4300u-may-tinh-xach-tay-moi-99-gia-sieu-re","og_site_name":"T\u1ed5ng Kho Laptop","article_modified_time":"2023-09-07T10:39:13+00:00","og_image":[{"width":512,"height":512,"url":"https:\/\/tongkholaptop.vn\/wp-content\/uploads\/2023\/09\/820g1_adf7c9b72e4d483ebd562cfcd0c590fd_master.jpg","type":"image\/jpeg"}],"twitter_card":"summary_large_image","twitter_misc":{"\u01af\u1edbc t\u00ednh th\u1eddi gian \u0111\u1ecdc":"6 ph\u00fat"},"schema":{"@context":"https:\/\/schema.org","@graph":[{"@type":"WebPage","@id":"https:\/\/tongkholaptop.vn\/?product=laptop-hp-elitebook-820-g1-cu-core-i5-4300u-may-tinh-xach-tay-moi-99-gia-sieu-re","url":"https:\/\/tongkholaptop.vn\/?product=laptop-hp-elitebook-820-g1-cu-core-i5-4300u-may-tinh-xach-tay-moi-99-gia-sieu-re","name":"Laptop HP EliteBook 820 G1 c\u0169 Core i5 4300U | M\u00e1y t\u00ednh x\u00e1ch tay m\u1edbi 99% gi\u00e1 si\u00eau r\u1ebb - T\u1ed5ng Kho Laptop","isPartOf":{"@id":"https:\/\/tongkholaptop.vn\/#website"},"primaryImageOfPage":{"@id":"https:\/\/tongkholaptop.vn\/?product=laptop-hp-elitebook-820-g1-cu-core-i5-4300u-may-tinh-xach-tay-moi-99-gia-sieu-re#primaryimage"},"image":{"@id":"https:\/\/tongkholaptop.vn\/?product=laptop-hp-elitebook-820-g1-cu-core-i5-4300u-may-tinh-xach-tay-moi-99-gia-sieu-re#primaryimage"},"thumbnailUrl":"https:\/\/tongkholaptop.vn\/wp-content\/uploads\/2023\/09\/820g1_adf7c9b72e4d483ebd562cfcd0c590fd_master.jpg","datePublished":"2023-09-07T08:04:38+00:00","dateModified":"2023-09-07T10:39:13+00:00","breadcrumb":{"@id":"https:\/\/tongkholaptop.vn\/?product=laptop-hp-elitebook-820-g1-cu-core-i5-4300u-may-tinh-xach-tay-moi-99-gia-sieu-re#breadcrumb"},"inLanguage":"vi","potentialAction":[{"@type":"ReadAction","target":["https:\/\/tongkholaptop.vn\/?product=laptop-hp-elitebook-820-g1-cu-core-i5-4300u-may-tinh-xach-tay-moi-99-gia-sieu-re"]}]},{"@type":"ImageObject","inLanguage":"vi","@id":"https:\/\/tongkholaptop.vn\/?product=laptop-hp-elitebook-820-g1-cu-core-i5-4300u-may-tinh-xach-tay-moi-99-gia-sieu-re#primaryimage","url":"https:\/\/tongkholaptop.vn\/wp-content\/uploads\/2023\/09\/820g1_adf7c9b72e4d483ebd562cfcd0c590fd_master.jpg","contentUrl":"https:\/\/tongkholaptop.vn\/wp-content\/uploads\/2023\/09\/820g1_adf7c9b72e4d483ebd562cfcd0c590fd_master.jpg","width":512,"height":512,"caption":"Laptop HP EliteBook 820 G1 c\u0169 Core i5 4300U | M\u00e1y t\u00ednh x\u00e1ch tay m\u1edbi 99% gi\u00e1 si\u00eau r\u1ebb"},{"@type":"BreadcrumbList","@id":"https:\/\/tongkholaptop.vn\/?product=laptop-hp-elitebook-820-g1-cu-core-i5-4300u-may-tinh-xach-tay-moi-99-gia-sieu-re#breadcrumb","itemListElement":[{"@type":"ListItem","position":1,"name":"Trang ch\u1ee7","item":"https:\/\/tongkholaptop.vn\/"},{"@type":"ListItem","position":2,"name":"T\u1ea5t c\u1ea3 s\u1ea3n ph\u1ea9m","item":"https:\/\/tongkholaptop.vn\/collections\/all"},{"@type":"ListItem","position":3,"name":"Laptop HP EliteBook 820 G1 c\u0169 Core i5 4300U | M\u00e1y t\u00ednh x\u00e1ch tay m\u1edbi 99% gi\u00e1 si\u00eau r\u1ebb"}]},{"@type":"WebSite","@id":"https:\/\/tongkholaptop.vn\/#website","url":"https:\/\/tongkholaptop.vn\/","name":"T\u1ed5ng Kho Laptop","description":"","potentialAction":[{"@type":"SearchAction","target":{"@type":"EntryPoint","urlTemplate":"https:\/\/tongkholaptop.vn\/?s={search_term_string}"},"query-input":{"@type":"PropertyValueSpecification","valueRequired":true,"valueName":"search_term_string"}}],"inLanguage":"vi"}]}},"_links":{"self":[{"href":"https:\/\/tongkholaptop.vn\/index.php?rest_route=\/wp\/v2\/product\/1166"}],"collection":[{"href":"https:\/\/tongkholaptop.vn\/index.php?rest_route=\/wp\/v2\/product"}],"about":[{"href":"https:\/\/tongkholaptop.vn\/index.php?rest_route=\/wp\/v2\/types\/product"}],"replies":[{"embeddable":true,"href":"https:\/\/tongkholaptop.vn\/index.php?rest_route=%2Fwp%2Fv2%2Fcomments&post=1166"}],"wp:featuredmedia":[{"embeddable":true,"href":"https:\/\/tongkholaptop.vn\/index.php?rest_route=\/wp\/v2\/media\/1167"}],"wp:attachment":[{"href":"https:\/\/tongkholaptop.vn\/index.php?rest_route=%2Fwp%2Fv2%2Fmedia&parent=1166"}],"wp:term":[{"taxonomy":"thuong-hieu","embeddable":true,"href":"https:\/\/tongkholaptop.vn\/index.php?rest_route=%2Fwp%2Fv2%2Fthuong-hieu&post=1166"},{"taxonomy":"product_cat","embeddable":true,"href":"https:\/\/tongkholaptop.vn\/index.php?rest_route=%2Fwp%2Fv2%2Fproduct_cat&post=1166"},{"taxonomy":"product_tag","embeddable":true,"href":"https:\/\/tongkholaptop.vn\/index.php?rest_route=%2Fwp%2Fv2%2Fproduct_tag&post=1166"}],"curies":[{"name":"wp","href":"https:\/\/api.w.org\/{rel}","templated":true}]}}