{"id":1047,"date":"2023-09-07T07:51:15","date_gmt":"2023-09-07T07:51:15","guid":{"rendered":"https:\/\/tongkholaptop.vn\/sanpham\/laptop-dell-precision-m4800-intel-core-i7-mq\/"},"modified":"2023-09-07T10:37:24","modified_gmt":"2023-09-07T10:37:24","slug":"laptop-dell-precision-m4800-intel-core-i7-mq","status":"publish","type":"product","link":"https:\/\/tongkholaptop.vn\/?product=laptop-dell-precision-m4800-intel-core-i7-mq","title":{"rendered":"Laptop Dell Precision M4800 Intel Core i7 MQ"},"content":{"rendered":"<\/p>\n<div id=\"protab0\" class=\"pro-tabcontent\">\n<h2><span>1. Thi\u1ebft k\u1ebf b\u00ean ngo\u00e0i sang tr\u1ecdng, l\u1ecbch l\u00e3m<\/span><\/h2>\n<p><span>Precision M4800 c\u00f3 v\u1ebb ngo\u00e0i kh\u00e1 \u201cg\u1ea5u\u201d v\u1edbi nh\u1eefng \u0111\u01b0\u1eddng n\u00e9t \u0111\u01a1n gi\u1ea3n, vu\u00f4ng t\u1ea1o th\u00e0nh g\u00f3c c\u1ea1nh nh\u01b0ng v\u1eabn to\u00e1t l\u00ean \u0111\u01b0\u1ee3c v\u1ebb l\u1ecbch l\u00e3m t\u1ea1o s\u1ef1 h\u1ea5p d\u1eabn ng\u01b0\u1eddi d\u00f9ng. L\u1edbp v\u1ecf ngo\u00e0i ch\u1ea5t li\u1ec7u h\u1ee3p kim nh\u00f4m c\u00f9ng k\u1ebft c\u1ea5u khung m\u00e1y l\u00e0m t\u1eeb magie c\u1ea5u tr\u00fac t\u1ed5 ong, mang l\u1ea1i \u0111\u01b0\u1ee3c s\u1ef1 ch\u1eafc ch\u1eafn, \u0111\u00e1ng tin c\u1eady.<\/span><\/p>\n<p><span>Theo th\u00f4ng tin nh\u00e0 s\u1ea3n xu\u1ea5t c\u00f4ng b\u1ed1 th\u00ec M4800 c\u0169ng l\u00e0 m\u1ed9t trong s\u1ed1 \u00edt m\u1eabu Workstation \u0111\u1ea1t chu\u1ea9n MIL &#8211; STD 810G c\u1ee7a qu\u00e2n \u0111\u1ed9i M\u1ef9 khi v\u01b0\u1ee3t qua m\u1ed9t lo\u1ea1t c\u00e1c b\u00e0i th\u1eed nghi\u1ec7m nghi\u00eam ng\u1eb7t v\u1ec1 \u0111\u1ed9 b\u1ec1n v\u00e0 ch\u1ea5t l\u01b0\u1ee3ng linh ki\u1ec7n ph\u1ea7n c\u1ee9ng. Th\u1eadm ch\u00ed m\u00e1y c\u0169ng \u0111\u01b0\u1ee3c trang b\u1ecb c\u1ea3 n\u00fat kh\u00f3a c\u1ee9ng m\u00e0n h\u00ecnh nh\u1eb1m gi\u1ea3m thi\u1ec7t h\u1ea1i khi r\u01a1i ho\u1eb7c va \u0111\u1eadp. B\u00e0n ph\u00edm c\u00f3 kh\u1ea3 n\u0103ng ch\u1ed1ng tr\u00e0n nh\u1edd l\u1edbp phim trong su\u1ed1t b\u00ean d\u01b0\u1edbi c\u0169ng nh\u01b0 b\u1ea3o m\u1eadt v\u00e2n tay FingerPrint ng\u0103n ch\u1eb7n c\u00e1c truy c\u1eadp tr\u00e1i ph\u00e9p<\/span><\/p>\n<p><img decoding=\"async\" src=\"https:\/\/tongkholaptop.vn\/wp-content\/uploads\/2023\/09\/4800-5.jpg\" title=\"4800-5\" srcset=\"https:\/\/tongkholaptop.vn\/wp-content\/uploads\/2023\/09\/4800-5-300x300.jpg 300w, https:\/\/tongkholaptop.vn\/wp-content\/uploads\/2023\/09\/4800-5-150x150.jpg 150w, https:\/\/tongkholaptop.vn\/wp-content\/uploads\/2023\/09\/4800-5-100x100.jpg 100w, https:\/\/tongkholaptop.vn\/wp-content\/uploads\/2023\/09\/4800-5.jpg 600w\"><\/p>\n<h2><span>3. M\u00e0n h\u00ecnh, loa.<\/span><\/h2>\n<p><span>Dell Precision M4800 c\u00f3 m\u00e0n h\u00ecnh hi\u1ec3n th\u1ecb r\u1ea5t s\u1eafc n\u00e9t, ch\u1ed1ng l\u00f3a s\u00e1ng v\u00e0 c\u00f3 g\u00f3c nh\u00ecn r\u1ed9ng \u0111\u1ee7 3 ng\u01b0\u1eddi nh\u00ecn m\u1ed9t l\u00fac. M\u00e0n h\u00ecnh c\u00f3 kh\u1ea3 n\u0103ng t\u00e1i t\u1ea1o 98% g\u1ea7n nh\u01b0 \u0111\u1ea7y \u0111\u1ee7 d\u1ea3i m\u00e0u ti\u00eau chu\u1ea9n s\u1ebd l\u00e0m h\u00e0i l\u00f2ng c\u1ea3 nh\u1eefng designer kh\u00f3 t\u00ednh nh\u1ea5t. Precision M4800 c\u00f3 \u0111\u1ed9 s\u00e1ng m\u00e0n h\u00ecnh cao, 323 nits, s\u00e1ng h\u01a1n nhi\u1ec1u so v\u1edbi Macbook Pro 223 nits. M\u1ee9c \u0111\u1ed9 chuy\u1ec3n \u0111\u1ed5i m\u00e0u s\u1eafc v\u00e0 ph\u00e2n bi\u1ec7t d\u1ea3i m\u00e0u s\u00e1ng t\u1ed1i c\u1ee7a m\u00e0n h\u00ecnh r\u1ea5t t\u1ed1t, mang l\u1ea1i h\u00ecnh \u1ea3nh hi\u1ec3n th\u1ecb c\u00f3 \u0111\u1ed9 t\u01b0\u01a1ng ph\u1ea3n cao.<\/span><\/p>\n<p><span>M\u1eb7t l\u01b0\u1edbi loa c\u1ee7a Dell Precision M4800 c\u00f3 thi\u1ebft k\u1ebf d\u1ea5u g\u1ea1ch v\u00e0 ch\u1ea5m \u0111\u1eb9p m\u1eaft, g\u1ee3i cho ta nh\u1edb \u0111\u1ebfn b\u1ed9 m\u00e3 Morse. Nh\u01b0ng loa c\u1ee7a Dell M4800 kh\u00f4ng ch\u1ec9 \u0111\u1ec3 trang tr\u00ed, \u00e2m thanh ph\u00e1t ra to r\u00f5, s\u00f4i n\u1ed5i v\u1edbi c\u00e1c d\u00e3i \u00e2m t\u00e1ch bi\u1ec7t r\u00f5 r\u00e0ng. \u00c2m bass c\u1ee7a loa tr\u1ea7m \u1ea5m, kh\u00f4ng l\u1eabn l\u1ed9n v\u1edbi d\u00e3i mid nh\u01b0 th\u01b0\u1eddng th\u1ea5y \u1edf loa tr\u00ean laptop.<\/span><\/p>\n<p><img decoding=\"async\" src=\"https:\/\/tongkholaptop.vn\/wp-content\/uploads\/2023\/09\/4800-6.jpg\" title=\"4800-6\" srcset=\"https:\/\/tongkholaptop.vn\/wp-content\/uploads\/2023\/09\/4800-6-300x300.jpg 300w, https:\/\/tongkholaptop.vn\/wp-content\/uploads\/2023\/09\/4800-6-150x150.jpg 150w, https:\/\/tongkholaptop.vn\/wp-content\/uploads\/2023\/09\/4800-6-100x100.jpg 100w, https:\/\/tongkholaptop.vn\/wp-content\/uploads\/2023\/09\/4800-6.jpg 600w\"><\/p>\n<h2><span>4. B\u00e0n ph\u00edm v\u00e0 touchpad<\/span><\/h2>\n<p><span>C\u00f3 th\u1ec3 nh\u1eadn th\u1ea5y thi\u1ebft k\u1ebf b\u00e0n ph\u00edm Precision M4800 mang nhi\u1ec1u n\u00e9t t\u01b0\u01a1ng \u0111\u1ed3ng v\u1edbi d\u00f2ng laptop chuy\u00ean game Dell Alienware v\u00e0 c\u1ea3 d\u00f2ng ThinkPad c\u1ee7a Lenovo. C\u1ee5 th\u1ec3 s\u1ea3n ph\u1ea9m v\u1eeba c\u00f3 n\u00fat tr\u1ecf chu\u1ed9t (track stick) c\u00f9ng hai n\u00fat nh\u1ea5n tr\u00e1i, ph\u1ea3i n\u1eb1m ngay d\u01b0\u1edbi b\u00e0n ph\u00edm mang ch\u00fat phong v\u1ecb \u201cho\u00e0i c\u1ed5\u201d k\u1ebft h\u1ee3p c\u00f9ng n\u00e9t hi\u1ec7n \u0111\u1ea1i c\u1ee7a touchpad c\u1ea3m \u1ee9ng \u0111a \u0111i\u1ec3m th\u00f4ng minh v\u00e0 b\u1ed9 \u0111\u1ecdc d\u1ea5u v\u00e2n tay \u1edf c\u1ea1nh ph\u1ea3i.<\/span><\/p>\n<p><span>Th\u1eed nghi\u1ec7m th\u1ef1c t\u1ebf cho th\u1ea5y c\u00e1c ph\u00edm nh\u1ea5n \u00eam, b\u1ec1 m\u1eb7t ph\u00edm cong nh\u1eb9 v\u00e0 \u0111\u1ed9 \u0111\u00e0n h\u1ed3i t\u1ed1t mang l\u1ea1i c\u1ea3m gi\u00e1c ph\u00edm r\u00f5 r\u00e0ng. B\u1ea1n d\u1ec5 d\u00e0ng \u201cl\u01b0\u1edbt\u201d tr\u00ean b\u00e0n ph\u00edm khi g\u00f5 nhanh v\u0103n b\u1ea3n m\u00e0 kh\u00f4ng s\u1ee3 nh\u1ea5n nh\u1ea7m. Ngo\u00e0i ra, b\u00e0n ph\u00edm c\u00f2n \u0111\u01b0\u1ee3c trang b\u1ecb \u0111\u00e8n n\u1ec1n v\u1edbi hai m\u1ee9c \u0111\u1ed9 s\u00e1ng kh\u00e1c nhau c\u00f3 th\u1ec3 t\u00f9y ch\u1ec9nh theo m\u00f4i tr\u01b0\u1eddng l\u00e0m vi\u1ec7c c\u00f9ng kh\u1ea3 n\u0103ng ch\u1ed1ng th\u1ea5m n\u01b0\u1edbc t\u1ed1t.<\/span><\/p>\n<p><span>Touchpad c\u0169ng \u0111\u00e1p \u1ee9ng t\u1ed1t thao t\u00e1c ng\u01b0\u1eddi d\u00f9ng, c\u1ea3m gi\u00e1c tr\u01a1n m\u1ecbn do \u0111\u1ed9 ma s\u00e1t th\u1ea5p gi\u00fap tr\u1ecf chu\u1ed9t di chuy\u1ec3n ch\u00ednh x\u00e1c. Tuy nhi\u00ean do thi\u1ebft k\u1ebf t\u00e1ch r\u1eddi hai ph\u00edm ch\u1ee9c n\u0103ng tr\u00e1i ph\u1ea3i chu\u1ed9t n\u00ean ph\u1ea7n c\u00f2n l\u1ea1i c\u1ee7a touchpad kh\u00e1 nh\u1ecf, kh\u00f4ng th\u1ef1c s\u1ef1 tho\u1ea3i m\u00e1i khi thao t\u00e1c c\u1ea3m \u1ee9ng \u0111a \u0111i\u1ec3m. T\u01b0\u01a1ng t\u1ef1 n\u00fat track stick c\u1ee7a s\u1ea3n ph\u1ea9m c\u0169ng ch\u01b0a \u0111\u1ea1t \u0111\u01b0\u1ee3c ti\u1ec7n d\u1ee5ng nh\u01b0 d\u00f2ng ThinkPad c\u1ee7a Lenovo.<\/span><\/p>\n<p><img decoding=\"async\" src=\"https:\/\/tongkholaptop.vn\/wp-content\/uploads\/2023\/09\/4800-7.jpg\" title=\"4800-7\" srcset=\"https:\/\/tongkholaptop.vn\/wp-content\/uploads\/2023\/09\/4800-7-300x300.jpg 300w, https:\/\/tongkholaptop.vn\/wp-content\/uploads\/2023\/09\/4800-7-150x150.jpg 150w, https:\/\/tongkholaptop.vn\/wp-content\/uploads\/2023\/09\/4800-7-100x100.jpg 100w, https:\/\/tongkholaptop.vn\/wp-content\/uploads\/2023\/09\/4800-7.jpg 600w\"><\/p>\n<h2><span>5. C\u1ed5ng k\u1ebft n\u1ed1i<\/span><\/h2>\n<p><span>Nh\u01b0 \u0111\u1ec1 c\u1eadp tr\u00ean, Precision M4800 \u0111\u01b0\u1ee3c thi\u1ebft k\u1ebf \u0111\u00e1p \u1ee9ng t\u1ed1i \u0111a c\u00f4ng vi\u1ec7c n\u00ean kh\u00f4ng ch\u1ec9 trang b\u1ecb \u1ed5 quang m\u00e0 c\u00f2n h\u1ed7 tr\u1ee3 r\u1ea5t nhi\u1ec1u c\u1ed5ng k\u1ebft n\u1ed1i kh\u00e1c nhau. T\u1eeb ng\u00f5 xu\u1ea5t t\u00edn hi\u1ec7u h\u00ecnh \u1ea3nh VGA, HDMI 1.4a ph\u1ed5 d\u1ee5ng nh\u01b0 cho \u0111\u1ebfn DisplayPort, 4 c\u1ed5ng USB 3.0, b\u1ed9 \u0111\u1ecdc th\u1ebb \u201c9 trong 1\u201d, ng\u00f5 c\u1eafm micro, headphone v\u00e0 c\u1ea3 ExpressCard d\u00f9ng g\u1eafn card d\u1ef1ng video t\u00f9y nhu c\u1ea7u ng\u01b0\u1eddi d\u00f9ng.<\/span><\/p>\n<p><span>M\u00e1y c\u00f2n trang b\u1ecb m\u1ed9t s\u1ed1 k\u1ebft n\u1ed1i kh\u00f4ng d\u00e2y nh\u01b0 Bluetooth 4.0, Wi-Fi hai b\u0103ng t\u1ea7n AC-7265 802.11ac, card m\u1ea1ng Ethernet gigabit c\u00f9ng kh\u1ea3 n\u0103ng trao \u0111\u1ed5i d\u1eef li\u1ec7u ho\u1eb7c thanh to\u00e1n \u0111i\u1ec7n t\u1eed qua giao ti\u1ebfp NFC.<\/span><\/p>\n<p><span>V\u1ec1 kh\u1ea3 n\u0103ng thay th\u1ebf ho\u1eb7c n\u00e2ng c\u1ea5p ph\u1ea7n c\u1ee9ng kh\u00e1 d\u1ec5 d\u00e0ng d\u00f9 ph\u1ea3i th\u00e1o to\u00e0n b\u1ed9 n\u1eafp b\u1ea3o v\u1ec7 m\u1eb7t d\u01b0\u1edbi. Tuy nhi\u00ean tr\u00ean th\u1ef1c t\u1ebf cho th\u1ea5y c\u1ea5u h\u00ecnh m\u1eb7c \u0111\u1ecbnh m\u00e0 Tinhte th\u1eed nghi\u1ec7m \u0111\u1ee7 \u0111\u00e1p \u1ee9ng t\u1ed1t h\u1ea7u<\/span><\/p>\n<p><img decoding=\"async\" src=\"https:\/\/tongkholaptop.vn\/wp-content\/uploads\/2023\/09\/4800-8.jpg\" title=\"4800-8\" srcset=\"https:\/\/tongkholaptop.vn\/wp-content\/uploads\/2023\/09\/4800-8-300x300.jpg 300w, https:\/\/tongkholaptop.vn\/wp-content\/uploads\/2023\/09\/4800-8-150x150.jpg 150w, https:\/\/tongkholaptop.vn\/wp-content\/uploads\/2023\/09\/4800-8-100x100.jpg 100w, https:\/\/tongkholaptop.vn\/wp-content\/uploads\/2023\/09\/4800-8.jpg 600w\"><\/p>\n<p><img decoding=\"async\" src=\"https:\/\/tongkholaptop.vn\/wp-content\/uploads\/2023\/09\/4800-9.jpg\" title=\"4800-9\" srcset=\"https:\/\/tongkholaptop.vn\/wp-content\/uploads\/2023\/09\/4800-9-300x300.jpg 300w, https:\/\/tongkholaptop.vn\/wp-content\/uploads\/2023\/09\/4800-9-150x150.jpg 150w, https:\/\/tongkholaptop.vn\/wp-content\/uploads\/2023\/09\/4800-9-100x100.jpg 100w, https:\/\/tongkholaptop.vn\/wp-content\/uploads\/2023\/09\/4800-9.jpg 600w\"><\/p>\n<\/p>\n<\/div>\n","protected":false},"excerpt":{"rendered":"<div class=\"pro-short-desc\">\n<p><span>&#8211; B\u1ed9 x\u1eed l\u00fd: Intel Core i7 &#8211; 4800MQ (6MB Cache, up to 3.7Ghz)<\/span><br \/><span>&#8211; B\u1ed9 nh\u1edb RAM: 8Gb<\/span><br \/><span>&#8211; \u1ed4 c\u1ee9ng: HDD 500 GB<\/span><br \/><span>&#8211; M\u00e0n h\u00ecnh: 15.6 inch Full HD (1920&#215;1080)<\/span><br \/><span>&#8211; Card \u0111\u1ed3 h\u1ecda: 2GB NVIDIA Quadro K1100<\/span><br \/><span>&#8211; K\u00edch th\u01b0\u1edbc: 376 x 256 x 399 mm<\/span><br \/><span>&#8211; Tr\u1ecdng l\u01b0\u1ee3ng: 2.9kg ( \u0111\u00e3 bao g\u1ed3m pin)<\/span><br \/><span>&#8211; B\u00e0n ph\u00edm: C\u00f3 led<\/span><\/p>\n<p>T\u1eb7ng Full Combo b\u1ed9 qu\u00e0 Balo, Chu\u1ed9t kh\u00f4ng d\u00e2y, b\u00e0n di chu\u1ed9t&#8230; Cam k\u1ebft gi\u00e1 r\u1ebb v\u00f4 \u0111\u1ecbch<\/p>\n<p><span>B\u1ea3o H\u00e0nh: 1 \u0111\u1ed5i 1 trong v\u00f2ng 12 th\u00e1ng<\/span><\/p>\n<\/p>\n<\/div>\n","protected":false},"featured_media":1048,"comment_status":"open","ping_status":"closed","template":"","meta":[],"thuong-hieu":[],"product_cat":[15,20],"product_tag":[],"class_list":{"0":"post-1047","1":"product","2":"type-product","3":"status-publish","4":"has-post-thumbnail","6":"product_cat-laptop-dell","7":"product_cat-laptop-dell-cu-core-i7","9":"first","10":"instock","11":"sale","12":"taxable","13":"shipping-taxable","14":"purchasable","15":"product-type-simple"},"acf":[],"yoast_head":"<!-- This site is optimized with the Yoast SEO plugin v23.4 - https:\/\/yoast.com\/wordpress\/plugins\/seo\/ -->\n<title>Laptop Dell Precision M4800 Intel Core i7 MQ - T\u1ed5ng Kho Laptop<\/title>\n<meta name=\"robots\" content=\"index, follow, max-snippet:-1, max-image-preview:large, max-video-preview:-1\" \/>\n<link rel=\"canonical\" href=\"https:\/\/tongkholaptop.vn\/?product=laptop-dell-precision-m4800-intel-core-i7-mq\" \/>\n<meta property=\"og:locale\" content=\"vi_VN\" \/>\n<meta property=\"og:type\" content=\"article\" \/>\n<meta property=\"og:title\" content=\"Laptop Dell Precision M4800 Intel Core i7 MQ - T\u1ed5ng Kho Laptop\" \/>\n<meta property=\"og:description\" content=\"- B\u1ed9 x\u1eed l\u00fd: Intel Core i7 - 4800MQ (6MB Cache, up to 3.7Ghz)- B\u1ed9 nh\u1edb RAM: 8Gb- \u1ed4 c\u1ee9ng: HDD 500 GB- M\u00e0n h\u00ecnh: 15.6 inch Full HD (1920x1080)- Card \u0111\u1ed3 h\u1ecda: 2GB NVIDIA Quadro K1100- K\u00edch th\u01b0\u1edbc: 376 x 256 x 399 mm- Tr\u1ecdng l\u01b0\u1ee3ng: 2.9kg ( \u0111\u00e3 bao g\u1ed3m pin)- B\u00e0n ph\u00edm: C\u00f3 ledT\u1eb7ng Full Combo b\u1ed9 qu\u00e0 Balo, Chu\u1ed9t kh\u00f4ng d\u00e2y, b\u00e0n di chu\u1ed9t... Cam k\u1ebft gi\u00e1 r\u1ebb v\u00f4 \u0111\u1ecbchB\u1ea3o H\u00e0nh: 1 \u0111\u1ed5i 1 trong v\u00f2ng 12 th\u00e1ng\" \/>\n<meta property=\"og:url\" content=\"https:\/\/tongkholaptop.vn\/?product=laptop-dell-precision-m4800-intel-core-i7-mq\" \/>\n<meta property=\"og:site_name\" content=\"T\u1ed5ng Kho Laptop\" \/>\n<meta property=\"article:modified_time\" content=\"2023-09-07T10:37:24+00:00\" \/>\n<meta property=\"og:image\" content=\"https:\/\/tongkholaptop.vn\/wp-content\/uploads\/2023\/09\/4800.jpg\" \/>\n\t<meta property=\"og:image:width\" content=\"720\" \/>\n\t<meta property=\"og:image:height\" content=\"720\" \/>\n\t<meta property=\"og:image:type\" content=\"image\/jpeg\" \/>\n<meta name=\"twitter:card\" content=\"summary_large_image\" \/>\n<meta name=\"twitter:label1\" content=\"\u01af\u1edbc t\u00ednh th\u1eddi gian \u0111\u1ecdc\" \/>\n\t<meta name=\"twitter:data1\" content=\"6 ph\u00fat\" \/>\n<script type=\"application\/ld+json\" class=\"yoast-schema-graph\">{\"@context\":\"https:\/\/schema.org\",\"@graph\":[{\"@type\":\"WebPage\",\"@id\":\"https:\/\/tongkholaptop.vn\/?product=laptop-dell-precision-m4800-intel-core-i7-mq\",\"url\":\"https:\/\/tongkholaptop.vn\/?product=laptop-dell-precision-m4800-intel-core-i7-mq\",\"name\":\"Laptop Dell Precision M4800 Intel Core i7 MQ - T\u1ed5ng Kho Laptop\",\"isPartOf\":{\"@id\":\"https:\/\/tongkholaptop.vn\/#website\"},\"primaryImageOfPage\":{\"@id\":\"https:\/\/tongkholaptop.vn\/?product=laptop-dell-precision-m4800-intel-core-i7-mq#primaryimage\"},\"image\":{\"@id\":\"https:\/\/tongkholaptop.vn\/?product=laptop-dell-precision-m4800-intel-core-i7-mq#primaryimage\"},\"thumbnailUrl\":\"https:\/\/tongkholaptop.vn\/wp-content\/uploads\/2023\/09\/4800.jpg\",\"datePublished\":\"2023-09-07T07:51:15+00:00\",\"dateModified\":\"2023-09-07T10:37:24+00:00\",\"breadcrumb\":{\"@id\":\"https:\/\/tongkholaptop.vn\/?product=laptop-dell-precision-m4800-intel-core-i7-mq#breadcrumb\"},\"inLanguage\":\"vi\",\"potentialAction\":[{\"@type\":\"ReadAction\",\"target\":[\"https:\/\/tongkholaptop.vn\/?product=laptop-dell-precision-m4800-intel-core-i7-mq\"]}]},{\"@type\":\"ImageObject\",\"inLanguage\":\"vi\",\"@id\":\"https:\/\/tongkholaptop.vn\/?product=laptop-dell-precision-m4800-intel-core-i7-mq#primaryimage\",\"url\":\"https:\/\/tongkholaptop.vn\/wp-content\/uploads\/2023\/09\/4800.jpg\",\"contentUrl\":\"https:\/\/tongkholaptop.vn\/wp-content\/uploads\/2023\/09\/4800.jpg\",\"width\":720,\"height\":720,\"caption\":\"Laptop Dell Precision M4800 Intel Core i7 MQ\"},{\"@type\":\"BreadcrumbList\",\"@id\":\"https:\/\/tongkholaptop.vn\/?product=laptop-dell-precision-m4800-intel-core-i7-mq#breadcrumb\",\"itemListElement\":[{\"@type\":\"ListItem\",\"position\":1,\"name\":\"Trang ch\u1ee7\",\"item\":\"https:\/\/tongkholaptop.vn\/\"},{\"@type\":\"ListItem\",\"position\":2,\"name\":\"T\u1ea5t c\u1ea3 s\u1ea3n ph\u1ea9m\",\"item\":\"https:\/\/tongkholaptop.vn\/collections\/all\"},{\"@type\":\"ListItem\",\"position\":3,\"name\":\"Laptop Dell Precision M4800 Intel Core i7 MQ\"}]},{\"@type\":\"WebSite\",\"@id\":\"https:\/\/tongkholaptop.vn\/#website\",\"url\":\"https:\/\/tongkholaptop.vn\/\",\"name\":\"T\u1ed5ng Kho Laptop\",\"description\":\"\",\"potentialAction\":[{\"@type\":\"SearchAction\",\"target\":{\"@type\":\"EntryPoint\",\"urlTemplate\":\"https:\/\/tongkholaptop.vn\/?s={search_term_string}\"},\"query-input\":{\"@type\":\"PropertyValueSpecification\",\"valueRequired\":true,\"valueName\":\"search_term_string\"}}],\"inLanguage\":\"vi\"}]}<\/script>\n<!-- \/ Yoast SEO plugin. -->","yoast_head_json":{"title":"Laptop Dell Precision M4800 Intel Core i7 MQ - T\u1ed5ng Kho Laptop","robots":{"index":"index","follow":"follow","max-snippet":"max-snippet:-1","max-image-preview":"max-image-preview:large","max-video-preview":"max-video-preview:-1"},"canonical":"https:\/\/tongkholaptop.vn\/?product=laptop-dell-precision-m4800-intel-core-i7-mq","og_locale":"vi_VN","og_type":"article","og_title":"Laptop Dell Precision M4800 Intel Core i7 MQ - T\u1ed5ng Kho Laptop","og_description":"- B\u1ed9 x\u1eed l\u00fd: Intel Core i7 - 4800MQ (6MB Cache, up to 3.7Ghz)- B\u1ed9 nh\u1edb RAM: 8Gb- \u1ed4 c\u1ee9ng: HDD 500 GB- M\u00e0n h\u00ecnh: 15.6 inch Full HD (1920x1080)- Card \u0111\u1ed3 h\u1ecda: 2GB NVIDIA Quadro K1100- K\u00edch th\u01b0\u1edbc: 376 x 256 x 399 mm- Tr\u1ecdng l\u01b0\u1ee3ng: 2.9kg ( \u0111\u00e3 bao g\u1ed3m pin)- B\u00e0n ph\u00edm: C\u00f3 ledT\u1eb7ng Full Combo b\u1ed9 qu\u00e0 Balo, Chu\u1ed9t kh\u00f4ng d\u00e2y, b\u00e0n di chu\u1ed9t... Cam k\u1ebft gi\u00e1 r\u1ebb v\u00f4 \u0111\u1ecbchB\u1ea3o H\u00e0nh: 1 \u0111\u1ed5i 1 trong v\u00f2ng 12 th\u00e1ng","og_url":"https:\/\/tongkholaptop.vn\/?product=laptop-dell-precision-m4800-intel-core-i7-mq","og_site_name":"T\u1ed5ng Kho Laptop","article_modified_time":"2023-09-07T10:37:24+00:00","og_image":[{"width":720,"height":720,"url":"https:\/\/tongkholaptop.vn\/wp-content\/uploads\/2023\/09\/4800.jpg","type":"image\/jpeg"}],"twitter_card":"summary_large_image","twitter_misc":{"\u01af\u1edbc t\u00ednh th\u1eddi gian \u0111\u1ecdc":"6 ph\u00fat"},"schema":{"@context":"https:\/\/schema.org","@graph":[{"@type":"WebPage","@id":"https:\/\/tongkholaptop.vn\/?product=laptop-dell-precision-m4800-intel-core-i7-mq","url":"https:\/\/tongkholaptop.vn\/?product=laptop-dell-precision-m4800-intel-core-i7-mq","name":"Laptop Dell Precision M4800 Intel Core i7 MQ - T\u1ed5ng Kho Laptop","isPartOf":{"@id":"https:\/\/tongkholaptop.vn\/#website"},"primaryImageOfPage":{"@id":"https:\/\/tongkholaptop.vn\/?product=laptop-dell-precision-m4800-intel-core-i7-mq#primaryimage"},"image":{"@id":"https:\/\/tongkholaptop.vn\/?product=laptop-dell-precision-m4800-intel-core-i7-mq#primaryimage"},"thumbnailUrl":"https:\/\/tongkholaptop.vn\/wp-content\/uploads\/2023\/09\/4800.jpg","datePublished":"2023-09-07T07:51:15+00:00","dateModified":"2023-09-07T10:37:24+00:00","breadcrumb":{"@id":"https:\/\/tongkholaptop.vn\/?product=laptop-dell-precision-m4800-intel-core-i7-mq#breadcrumb"},"inLanguage":"vi","potentialAction":[{"@type":"ReadAction","target":["https:\/\/tongkholaptop.vn\/?product=laptop-dell-precision-m4800-intel-core-i7-mq"]}]},{"@type":"ImageObject","inLanguage":"vi","@id":"https:\/\/tongkholaptop.vn\/?product=laptop-dell-precision-m4800-intel-core-i7-mq#primaryimage","url":"https:\/\/tongkholaptop.vn\/wp-content\/uploads\/2023\/09\/4800.jpg","contentUrl":"https:\/\/tongkholaptop.vn\/wp-content\/uploads\/2023\/09\/4800.jpg","width":720,"height":720,"caption":"Laptop Dell Precision M4800 Intel Core i7 MQ"},{"@type":"BreadcrumbList","@id":"https:\/\/tongkholaptop.vn\/?product=laptop-dell-precision-m4800-intel-core-i7-mq#breadcrumb","itemListElement":[{"@type":"ListItem","position":1,"name":"Trang ch\u1ee7","item":"https:\/\/tongkholaptop.vn\/"},{"@type":"ListItem","position":2,"name":"T\u1ea5t c\u1ea3 s\u1ea3n ph\u1ea9m","item":"https:\/\/tongkholaptop.vn\/collections\/all"},{"@type":"ListItem","position":3,"name":"Laptop Dell Precision M4800 Intel Core i7 MQ"}]},{"@type":"WebSite","@id":"https:\/\/tongkholaptop.vn\/#website","url":"https:\/\/tongkholaptop.vn\/","name":"T\u1ed5ng Kho Laptop","description":"","potentialAction":[{"@type":"SearchAction","target":{"@type":"EntryPoint","urlTemplate":"https:\/\/tongkholaptop.vn\/?s={search_term_string}"},"query-input":{"@type":"PropertyValueSpecification","valueRequired":true,"valueName":"search_term_string"}}],"inLanguage":"vi"}]}},"_links":{"self":[{"href":"https:\/\/tongkholaptop.vn\/index.php?rest_route=\/wp\/v2\/product\/1047"}],"collection":[{"href":"https:\/\/tongkholaptop.vn\/index.php?rest_route=\/wp\/v2\/product"}],"about":[{"href":"https:\/\/tongkholaptop.vn\/index.php?rest_route=\/wp\/v2\/types\/product"}],"replies":[{"embeddable":true,"href":"https:\/\/tongkholaptop.vn\/index.php?rest_route=%2Fwp%2Fv2%2Fcomments&post=1047"}],"wp:featuredmedia":[{"embeddable":true,"href":"https:\/\/tongkholaptop.vn\/index.php?rest_route=\/wp\/v2\/media\/1048"}],"wp:attachment":[{"href":"https:\/\/tongkholaptop.vn\/index.php?rest_route=%2Fwp%2Fv2%2Fmedia&parent=1047"}],"wp:term":[{"taxonomy":"thuong-hieu","embeddable":true,"href":"https:\/\/tongkholaptop.vn\/index.php?rest_route=%2Fwp%2Fv2%2Fthuong-hieu&post=1047"},{"taxonomy":"product_cat","embeddable":true,"href":"https:\/\/tongkholaptop.vn\/index.php?rest_route=%2Fwp%2Fv2%2Fproduct_cat&post=1047"},{"taxonomy":"product_tag","embeddable":true,"href":"https:\/\/tongkholaptop.vn\/index.php?rest_route=%2Fwp%2Fv2%2Fproduct_tag&post=1047"}],"curies":[{"name":"wp","href":"https:\/\/api.w.org\/{rel}","templated":true}]}}